Last updated on 2022-07-01 23:53:18 CEST.
Flavor | Version | Tinstall | Tcheck | Ttotal | Status | Flags |
---|---|---|---|---|---|---|
r-devel-linux-x86_64-debian-clang | 0.2.1 | 20.66 | 297.42 | 318.08 | OK | |
r-devel-linux-x86_64-debian-gcc | 0.2.1 | 17.45 | 213.40 | 230.85 | OK | |
r-devel-linux-x86_64-fedora-clang | 0.2.1 | 394.93 | OK | |||
r-devel-linux-x86_64-fedora-gcc | 0.2.1 | 417.31 | OK | |||
r-devel-windows-x86_64 | 0.2.1 | 25.00 | 339.00 | 364.00 | OK | |
r-patched-linux-x86_64 | 0.2.1 | 17.32 | 290.91 | 308.23 | OK | |
r-release-linux-x86_64 | 0.2.1 | 17.80 | 292.39 | 310.19 | OK | |
r-release-macos-arm64 | 0.2.1 | 6.00 | ERROR | |||
r-release-macos-x86_64 | 0.2.1 | 169.00 | OK | |||
r-release-windows-x86_64 | 0.2.1 | 25.00 | 337.00 | 362.00 | OK | |
r-oldrel-macos-arm64 | 0.2.1 | 107.00 | OK | |||
r-oldrel-macos-x86_64 | 0.2.1 | 164.00 | OK | |||
r-oldrel-windows-ix86+x86_64 | 0.2.1 | 42.00 | 351.00 | 393.00 | OK |
Version: 0.2.1
Check: package dependencies
Result: ERROR
Package required but not available: ‘bluster’
See section ‘The DESCRIPTION file’ in the ‘Writing R Extensions’
manual.
Flavor: r-release-macos-arm64