CRAN Package Check Results for Package Cascade

Last updated on 2022-11-30 04:50:18 CET.

Flavor Version Tinstall Tcheck Ttotal Status Flags
r-devel-linux-x86_64-debian-clang 2.0 14.25 130.43 144.68 NOTE
r-devel-linux-x86_64-debian-gcc 2.1 12.58 100.68 113.26 OK
r-devel-linux-x86_64-fedora-clang 2.1 202.46 OK
r-devel-linux-x86_64-fedora-gcc 2.1 203.21 OK
r-devel-windows-x86_64 2.1 46.00 170.00 216.00 OK
r-patched-linux-x86_64 2.0 14.83 126.69 141.52 OK
r-release-linux-x86_64 2.0 12.48 127.21 139.69 OK
r-release-macos-arm64 2.0 47.00 NOTE
r-release-macos-x86_64 2.0 68.00 NOTE
r-release-windows-x86_64 2.1 37.00 168.00 205.00 OK
r-oldrel-macos-arm64 2.0 55.00 NOTE
r-oldrel-macos-x86_64 2.0 77.00 NOTE
r-oldrel-windows-ix86+x86_64 2.1 33.00 158.00 191.00 OK

Check Details

Version: 2.0
Check: Rd files
Result: NOTE
    checkRd: (-1) plot-methods.Rd:46: Escaped LaTeX specials: \_
    checkRd: (-1) plot-methods.Rd:96: Escaped LaTeX specials: \_
Flavor: r-devel-linux-x86_64-debian-clang

Version: 2.0
Check: dependencies in R code
Result: NOTE
    Namespace in Imports field not imported from: ‘abind’
     All declared Imports should be used.
Flavors: r-release-macos-arm64, r-release-macos-x86_64, r-oldrel-macos-arm64, r-oldrel-macos-x86_64