CRAN Package Check Results for Package CaseBasedReasoning

Last updated on 2024-02-24 05:48:33 CET.

Flavor Version Tinstall Tcheck Ttotal Status Flags
r-devel-linux-x86_64-debian-clang 0.3 101.37 142.70 244.07 NOTE
r-devel-linux-x86_64-debian-gcc 0.3 76.63 104.76 181.39 NOTE
r-devel-linux-x86_64-fedora-clang 0.3 328.82 NOTE
r-devel-linux-x86_64-fedora-gcc 0.3 326.58 NOTE
r-devel-windows-x86_64 0.3 83.00 138.00 221.00 NOTE
r-patched-linux-x86_64 0.3 76.92 134.24 211.16 NOTE
r-release-linux-x86_64 0.3 73.99 136.33 210.32 NOTE
r-release-macos-arm64 0.3 98.00 NOTE
r-release-macos-x86_64 0.3 173.00 NOTE
r-release-windows-x86_64 0.3 109.00 173.00 282.00 NOTE
r-oldrel-macos-arm64 0.3 73.00 NOTE
r-oldrel-windows-x86_64 0.3 101.00 163.00 264.00 NOTE

Additional issues

Intel

Check Details

Version: 0.3
Check: for GNU extensions in Makefiles
Result: NOTE GNU make is a SystemRequirements. Flavors: r-devel-linux-x86_64-debian-clang, r-devel-linux-x86_64-debian-gcc, r-devel-linux-x86_64-fedora-clang, r-devel-linux-x86_64-fedora-gcc, r-devel-windows-x86_64, r-patched-linux-x86_64, r-release-linux-x86_64, r-release-macos-arm64, r-release-macos-x86_64, r-release-windows-x86_64, r-oldrel-macos-arm64, r-oldrel-windows-x86_64