CRAN Package Check Results for Package CatEncoders

Last updated on 2020-09-28 04:47:28 CEST.

Flavor Version Tinstall Tcheck Ttotal Status Flags
r-devel-linux-x86_64-debian-clang 0.1.1 2.86 27.08 29.94 OK
r-devel-linux-x86_64-debian-gcc 0.1.1 2.15 21.29 23.44 OK
r-devel-linux-x86_64-fedora-clang 0.1.1 47.13 NOTE
r-devel-linux-x86_64-fedora-gcc 0.1.1 40.75 NOTE
r-devel-windows-ix86+x86_64 0.1.1 6.00 50.00 56.00 OK
r-patched-linux-x86_64 0.1.1 2.67 25.98 28.65 OK
r-patched-solaris-x86 0.1.1 53.80 NOTE
r-release-linux-x86_64 0.1.1 2.27 26.13 28.40 OK
r-release-macos-x86_64 0.1.1 NOTE
r-release-windows-ix86+x86_64 0.1.1 21.00 43.00 64.00 OK
r-oldrel-macos-x86_64 0.1.1 NOTE
r-oldrel-windows-ix86+x86_64 0.1.1 5.00 47.00 52.00 OK

Check Details

Version: 0.1.1
Check: dependencies in R code
Result: NOTE
    Namespace in Imports field not imported from: ‘Matrix’
     All declared Imports should be used.
Flavors: r-devel-linux-x86_64-fedora-clang, r-devel-linux-x86_64-fedora-gcc, r-patched-solaris-x86, r-release-macos-x86_64, r-oldrel-macos-x86_64