CRAN Package Check Results for Package CatReg

Last updated on 2024-06-16 16:49:02 CEST.

Flavor Version Tinstall Tcheck Ttotal Status Flags
r-devel-linux-x86_64-debian-clang 2.0.3 28.29 55.73 84.02 NOTE
r-devel-linux-x86_64-debian-gcc 2.0.3 16.55 39.04 55.59 NOTE
r-devel-linux-x86_64-fedora-clang 2.0.3 108.10 NOTE
r-devel-linux-x86_64-fedora-gcc 2.0.3 104.50 NOTE
r-devel-windows-x86_64 2.0.3 21.00 75.00 96.00 NOTE
r-patched-linux-x86_64 2.0.3 19.28 51.63 70.91 NOTE
r-release-linux-x86_64 2.0.3 23.56 55.14 78.70 NOTE
r-release-macos-arm64 2.0.3 28.00 NOTE
r-release-macos-x86_64 2.0.3 41.00 NOTE
r-release-windows-x86_64 2.0.3 21.00 79.00 100.00 NOTE
r-oldrel-macos-arm64 2.0.3 30.00 NOTE
r-oldrel-macos-x86_64 2.0.3 49.00 NOTE
r-oldrel-windows-x86_64 2.0.3 26.00 88.00 114.00 NOTE

Check Details

Version: 2.0.3
Check: C++ specification
Result: NOTE Specified C++14: please drop specification unless essential Flavors: r-devel-linux-x86_64-debian-clang, r-devel-linux-x86_64-debian-gcc, r-devel-linux-x86_64-fedora-clang, r-devel-linux-x86_64-fedora-gcc, r-devel-windows-x86_64, r-patched-linux-x86_64, r-release-linux-x86_64, r-release-macos-arm64, r-release-macos-x86_64, r-release-windows-x86_64, r-oldrel-macos-arm64, r-oldrel-macos-x86_64, r-oldrel-windows-x86_64