Last updated on 2022-07-07 05:55:57 CEST.
Flavor | Version | Tinstall | Tcheck | Ttotal | Status | Flags |
---|---|---|---|---|---|---|
r-devel-linux-x86_64-debian-clang | 0.2.2 | 2.93 | 54.30 | 57.23 | OK | |
r-devel-linux-x86_64-debian-gcc | 0.2.2 | 3.26 | 41.33 | 44.59 | OK | |
r-devel-linux-x86_64-fedora-clang | 0.2.2 | 79.99 | NOTE | |||
r-devel-linux-x86_64-fedora-gcc | 0.2.2 | 77.40 | NOTE | |||
r-devel-windows-x86_64 | 0.2.2 | 25.00 | 88.00 | 113.00 | OK | |
r-patched-linux-x86_64 | 0.2.2 | 3.66 | 52.62 | 56.28 | OK | |
r-release-linux-x86_64 | 0.2.2 | 3.23 | 51.90 | 55.13 | OK | |
r-release-macos-arm64 | 0.2.2 | 34.00 | NOTE | |||
r-release-macos-x86_64 | 0.2.2 | 36.00 | NOTE | |||
r-release-windows-x86_64 | 0.2.2 | 34.00 | 85.00 | 119.00 | OK | |
r-oldrel-macos-arm64 | 0.2.2 | 24.00 | NOTE | |||
r-oldrel-macos-x86_64 | 0.2.2 | 38.00 | NOTE | |||
r-oldrel-windows-ix86+x86_64 | 0.2.2 | 8.00 | 79.00 | 87.00 | OK |
Version: 0.2.2
Check: data for non-ASCII characters
Result: NOTE
Note: found 3 marked UTF-8 strings
Flavors: r-devel-linux-x86_64-fedora-clang, r-devel-linux-x86_64-fedora-gcc, r-release-macos-arm64, r-release-macos-x86_64, r-oldrel-macos-arm64, r-oldrel-macos-x86_64
Version: 0.2.2
Check: package dependencies
Result: NOTE
Package suggested but not available for checking: ‘tidyterra’
Flavor: r-release-macos-arm64
Version: 0.2.2
Check: Rd cross-references
Result: NOTE
Package unavailable to check Rd xrefs: ‘tidyterra’
Flavor: r-release-macos-arm64