CRAN Package Check Results for Package CatastRo

Last updated on 2022-11-29 17:52:01 CET.

Flavor Version Tinstall Tcheck Ttotal Status Flags
r-devel-linux-x86_64-debian-clang 0.2.2 3.76 58.18 61.94 OK
r-devel-linux-x86_64-debian-gcc 0.2.2 2.59 44.60 47.19 OK
r-devel-linux-x86_64-fedora-clang 0.2.2 91.28 NOTE
r-devel-linux-x86_64-fedora-gcc 0.2.2 101.22 NOTE
r-devel-windows-x86_64 0.2.2 19.00 93.00 112.00 OK
r-patched-linux-x86_64 0.2.2 4.52 54.26 58.78 OK
r-release-linux-x86_64 0.2.2 2.86 53.44 56.30 OK
r-release-macos-arm64 0.2.2 34.00 NOTE
r-release-macos-x86_64 0.2.2 36.00 NOTE
r-release-windows-x86_64 0.2.2 40.00 90.00 130.00 OK
r-oldrel-macos-arm64 0.2.2 24.00 NOTE
r-oldrel-macos-x86_64 0.2.2 38.00 NOTE
r-oldrel-windows-ix86+x86_64 0.2.2 10.00 82.00 92.00 OK

Check Details

Version: 0.2.2
Check: data for non-ASCII characters
Result: NOTE
     Note: found 3 marked UTF-8 strings
Flavors: r-devel-linux-x86_64-fedora-clang, r-devel-linux-x86_64-fedora-gcc, r-release-macos-arm64, r-release-macos-x86_64, r-oldrel-macos-arm64, r-oldrel-macos-x86_64

Version: 0.2.2
Check: package dependencies
Result: NOTE
    Package suggested but not available for checking: ‘tidyterra’
Flavor: r-release-macos-arm64

Version: 0.2.2
Check: Rd cross-references
Result: NOTE
    Package unavailable to check Rd xrefs: ‘tidyterra’
Flavor: r-release-macos-arm64