CRAN Package Check Results for Package CatastRo

Last updated on 2023-12-06 11:52:20 CET.

Flavor Version Tinstall Tcheck Ttotal Status Flags
r-devel-linux-x86_64-debian-clang 0.2.3 3.66 61.25 64.91 OK
r-devel-linux-x86_64-debian-gcc 0.2.3 3.10 46.03 49.13 OK
r-devel-linux-x86_64-fedora-clang 0.2.3 80.02 NOTE
r-devel-linux-x86_64-fedora-gcc 0.2.3 91.21 NOTE
r-devel-windows-x86_64 0.2.3 5.00 67.00 72.00 OK
r-patched-linux-x86_64 0.2.3 5.57 58.89 64.46 OK
r-release-linux-x86_64 0.2.3 4.19 58.61 62.80 OK
r-release-macos-arm64 0.2.3 32.00 OK
r-release-macos-x86_64 0.2.3 51.00 OK
r-release-windows-x86_64 0.2.3 7.00 76.00 83.00 OK
r-oldrel-macos-arm64 0.2.3 29.00 OK
r-oldrel-macos-x86_64 0.2.3 36.00 OK
r-oldrel-windows-x86_64 0.2.3 6.00 73.00 79.00 OK

Check Details

Version: 0.2.3
Check: data for non-ASCII characters
Result: NOTE Note: found 3 marked UTF-8 strings Flavors: r-devel-linux-x86_64-fedora-clang, r-devel-linux-x86_64-fedora-gcc