Last updated on 2023-04-02 03:51:05 CEST.
Flavor | Version | Tinstall | Tcheck | Ttotal | Status | Flags |
---|---|---|---|---|---|---|
r-devel-linux-x86_64-debian-clang | 0.2.3 | 4.40 | 57.71 | 62.11 | OK | |
r-devel-linux-x86_64-debian-gcc | 0.2.3 | 2.75 | 43.74 | 46.49 | OK | |
r-devel-linux-x86_64-fedora-clang | 0.2.3 | 75.30 | NOTE | |||
r-devel-linux-x86_64-fedora-gcc | 0.2.3 | 81.63 | NOTE | |||
r-devel-windows-x86_64 | 0.2.3 | 8.00 | 90.00 | 98.00 | OK | |
r-patched-linux-x86_64 | 0.2.3 | 4.65 | 55.49 | 60.14 | OK | |
r-release-linux-x86_64 | 0.2.3 | 3.51 | 54.24 | 57.75 | OK | |
r-release-macos-arm64 | 0.2.3 | 29.00 | OK | |||
r-release-macos-x86_64 | 0.2.3 | 36.00 | OK | |||
r-release-windows-x86_64 | 0.2.3 | 21.00 | 95.00 | 116.00 | OK | |
r-oldrel-macos-arm64 | 0.2.3 | 32.00 | OK | |||
r-oldrel-macos-x86_64 | 0.2.3 | 38.00 | OK | |||
r-oldrel-windows-ix86+x86_64 | 0.2.3 | 9.00 | 87.00 | 96.00 | OK |
Version: 0.2.3
Check: data for non-ASCII characters
Result: NOTE
Note: found 3 marked UTF-8 strings
Flavors: r-devel-linux-x86_64-fedora-clang, r-devel-linux-x86_64-fedora-gcc