CRAN Package Check Results for Package CausalFX

Last updated on 2020-06-04 19:48:50 CEST.

Flavor Version Tinstall Tcheck Ttotal Status Flags
r-devel-linux-x86_64-debian-clang 1.0.1 5.57 42.43 48.00 NOTE
r-devel-linux-x86_64-debian-gcc 1.0.1 3.42 32.93 36.35 NOTE
r-devel-linux-x86_64-fedora-clang 1.0.1 64.97 NOTE
r-devel-linux-x86_64-fedora-gcc 1.0.1 56.65 NOTE
r-devel-windows-ix86+x86_64 1.0.1 12.00 51.00 63.00 NOTE
r-patched-linux-x86_64 1.0.1 4.79 41.76 46.55 NOTE
r-patched-solaris-x86 1.0.1 86.20 NOTE
r-release-linux-x86_64 1.0.1 5.59 42.14 47.73 NOTE
r-release-osx-x86_64 1.0.1 NOTE
r-release-windows-ix86+x86_64 1.0.1 7.00 70.00 77.00 NOTE
r-oldrel-osx-x86_64 1.0.1 NOTE
r-oldrel-windows-ix86+x86_64 1.0.1 10.00 50.00 60.00 NOTE

Check Details

Version: 1.0.1
Check: R code for possible problems
Result: NOTE
    binParamPosteriorSampling: no visible global function definition for
     'rbeta'
    bindagMonteCarloCausalEffect: no visible global function definition for
     'runif'
    getBinDAGModelData: no visible global function definition for 'runif'
    logitDist: no visible global function definition for 'runif'
    logitDist: no visible global function definition for 'rnorm'
    simulateWitnessModel: no visible global function definition for 'runif'
    summary.covsearch: no visible global function definition for 'quantile'
    summary.iv: no visible global function definition for 'quantile'
    summary.wpp: no visible global function definition for 'quantile'
    Undefined global functions or variables:
     quantile rbeta rnorm runif
    Consider adding
     importFrom("stats", "quantile", "rbeta", "rnorm", "runif")
    to your NAMESPACE file.
Flavors: r-devel-linux-x86_64-debian-clang, r-devel-linux-x86_64-debian-gcc, r-devel-linux-x86_64-fedora-clang, r-devel-linux-x86_64-fedora-gcc, r-devel-windows-ix86+x86_64, r-patched-linux-x86_64, r-patched-solaris-x86, r-release-linux-x86_64, r-release-osx-x86_64, r-release-windows-ix86+x86_64, r-oldrel-osx-x86_64, r-oldrel-windows-ix86+x86_64