CRAN Package Check Results for Package CautiousLearning

Last updated on 2020-10-01 03:48:30 CEST.

Flavor Version Tinstall Tcheck Ttotal Status Flags
r-devel-linux-x86_64-debian-clang 1.0.1 20.41 29.20 49.61 OK
r-devel-linux-x86_64-debian-gcc 1.0.1 0.27 1.84 2.11 ERROR
r-devel-linux-x86_64-fedora-clang 1.0.1 79.31 NOTE
r-devel-linux-x86_64-fedora-gcc 1.0.1 65.83 OK
r-devel-windows-ix86+x86_64 1.0.1 53.00 76.00 129.00 OK
r-patched-linux-x86_64 1.0.1 18.38 27.00 45.38 OK
r-patched-solaris-x86 1.0.1 80.50 OK
r-release-linux-x86_64 1.0.1 20.05 27.06 47.11 OK
r-release-macos-x86_64 1.0.1 OK
r-release-windows-ix86+x86_64 1.0.1 62.00 72.00 134.00 OK
r-oldrel-macos-x86_64 1.0.1 OK
r-oldrel-windows-ix86+x86_64 1.0.1 48.00 73.00 121.00 OK

Check Details

Version: 1.0.1
Check: whether package can be installed
Result: ERROR
    Installation failed.
Flavor: r-devel-linux-x86_64-debian-gcc

Version: 1.0.1
Check: Rd cross-references
Result: NOTE
    Undeclared package ‘sitmo’ in Rd xrefs
Flavor: r-devel-linux-x86_64-fedora-clang