CRAN Package Check Results for Package CePa

Last updated on 2019-08-26 11:48:41 CEST.

Flavor Version Tinstall Tcheck Ttotal Status Flags
r-devel-linux-x86_64-debian-clang 0.6 6.89 67.59 74.48 OK
r-devel-linux-x86_64-debian-gcc 0.6 5.32 54.24 59.56 OK
r-devel-linux-x86_64-fedora-clang 0.6 91.13 OK
r-devel-linux-x86_64-fedora-gcc 0.6 89.29 OK
r-devel-windows-ix86+x86_64 0.6 20.00 111.00 131.00 OK
r-patched-linux-x86_64 0.6 6.30 65.84 72.14 OK
r-patched-solaris-x86 0.6 136.90 OK
r-release-linux-x86_64 0.6 6.21 66.77 72.98 OK
r-release-windows-ix86+x86_64 0.6 17.00 108.00 125.00 OK
r-release-osx-x86_64 0.6 ERROR
r-oldrel-windows-ix86+x86_64 0.6 12.00 104.00 116.00 OK
r-oldrel-osx-x86_64 0.6 OK

Check Details

Version: 0.6
Check: package dependencies
Result: ERROR
    Packages required but not available: 'Rgraphviz', 'graph'
    
    See section ‘The DESCRIPTION file’ in the ‘Writing R Extensions’
    manual.
Flavor: r-release-osx-x86_64