CRAN Package Check Results for Package CePa

Last updated on 2019-06-17 10:48:06 CEST.

Flavor Version Tinstall Tcheck Ttotal Status Flags
r-devel-linux-x86_64-debian-clang 0.6 6.50 66.09 72.59 OK
r-devel-linux-x86_64-debian-gcc 0.6 5.16 53.43 58.59 OK
r-devel-linux-x86_64-fedora-clang 0.6 88.69 OK
r-devel-linux-x86_64-fedora-gcc 0.6 85.08 OK
r-devel-windows-ix86+x86_64 0.6 18.00 86.00 104.00 OK
r-patched-linux-x86_64 0.6 5.99 66.73 72.72 OK
r-patched-solaris-x86 0.6 135.60 OK
r-release-linux-x86_64 0.6 6.50 65.37 71.87 OK
r-release-windows-ix86+x86_64 0.6 13.00 119.00 132.00 OK
r-release-osx-x86_64 0.6 ERROR
r-oldrel-windows-ix86+x86_64 0.6 8.00 96.00 104.00 OK
r-oldrel-osx-x86_64 0.6 OK

Check Details

Version: 0.6
Check: package dependencies
Result: ERROR
    Packages required but not available: 'Rgraphviz', 'graph'
    
    See section ‘The DESCRIPTION file’ in the ‘Writing R Extensions’
    manual.
Flavor: r-release-osx-x86_64