Last updated on 2021-04-13 15:47:35 CEST.
Flavor | Version | Tinstall | Tcheck | Ttotal | Status | Flags |
---|---|---|---|---|---|---|
r-devel-linux-x86_64-debian-clang | 1.0 | 2.94 | 26.84 | 29.78 | NOTE | |
r-devel-linux-x86_64-debian-gcc | 1.0 | 2.28 | 20.68 | 22.96 | NOTE | |
r-devel-linux-x86_64-fedora-clang | 1.0 | 45.55 | NOTE | |||
r-devel-linux-x86_64-fedora-gcc | 1.0 | 37.28 | NOTE | |||
r-devel-windows-ix86+x86_64 | 1.0 | 5.00 | 39.00 | 44.00 | NOTE | |
r-devel-windows-x86_64-gcc10-UCRT | 1.0 | NOTE | ||||
r-patched-linux-x86_64 | 1.0 | 3.12 | 26.27 | 29.39 | NOTE | |
r-patched-solaris-x86 | 1.0 | 52.60 | NOTE | |||
r-release-linux-x86_64 | 1.0 | 2.59 | 25.54 | 28.13 | NOTE | |
r-release-macos-x86_64 | 1.0 | NOTE | ||||
r-release-windows-ix86+x86_64 | 1.0 | 5.00 | 39.00 | 44.00 | NOTE | |
r-oldrel-macos-x86_64 | 1.0 | NOTE | ||||
r-oldrel-windows-ix86+x86_64 | 1.0 | 6.00 | 50.00 | 56.00 | NOTE |
Version: 1.0
Check: DESCRIPTION meta-information
Result: NOTE
Malformed Description field: should contain one or more complete sentences.
Flavors: r-devel-linux-x86_64-debian-clang, r-devel-linux-x86_64-debian-gcc, r-devel-linux-x86_64-fedora-clang, r-devel-linux-x86_64-fedora-gcc, r-devel-windows-ix86+x86_64, r-devel-windows-x86_64-gcc10-UCRT, r-patched-linux-x86_64, r-patched-solaris-x86, r-release-linux-x86_64, r-release-macos-x86_64, r-release-windows-ix86+x86_64, r-oldrel-macos-x86_64, r-oldrel-windows-ix86+x86_64
Version: 1.0
Check: R code for possible problems
Result: NOTE
MomNIT: no visible global function definition for 'dnorm'
MomNIT: no visible global function definition for 'pnorm'
cdfNI: no visible global function definition for 'pnorm'
cdfNI: no visible global function definition for 'pt'
em.cens: no visible global function definition for 'lm'
em.cens: no visible global function definition for 'coefficients'
em.cens : ft: no visible global function definition for 'dt'
em.cens : ft: no visible global function definition for 'pt'
em.cens: no visible global function definition for 'optimize'
em.cens: no visible global function definition for 'dnorm'
em.cens: no visible global function definition for 'pnorm'
em.cens: no visible global function definition for 'sd'
Undefined global functions or variables:
coefficients dnorm dt lm optimize pnorm pt sd
Consider adding
importFrom("stats", "coefficients", "dnorm", "dt", "lm", "optimize",
"pnorm", "pt", "sd")
to your NAMESPACE file.
Flavors: r-devel-linux-x86_64-debian-clang, r-devel-linux-x86_64-debian-gcc, r-devel-linux-x86_64-fedora-clang, r-devel-linux-x86_64-fedora-gcc, r-devel-windows-ix86+x86_64, r-devel-windows-x86_64-gcc10-UCRT, r-patched-linux-x86_64, r-patched-solaris-x86, r-release-linux-x86_64, r-release-macos-x86_64, r-release-windows-ix86+x86_64, r-oldrel-macos-x86_64, r-oldrel-windows-ix86+x86_64