CRAN Package Check Results for Package Census2016

Last updated on 2020-03-28 22:47:31 CET.

Flavor Version Tinstall Tcheck Ttotal Status Flags
r-devel-linux-x86_64-debian-clang 0.2.0 OK
r-devel-linux-x86_64-debian-gcc 0.2.0 8.00 34.85 42.85 OK
r-devel-linux-x86_64-fedora-clang 0.2.0 73.41 NOTE
r-devel-linux-x86_64-fedora-gcc 0.2.0 66.07 NOTE
r-devel-windows-ix86+x86_64 0.2.0 16.00 52.00 68.00 OK
r-devel-windows-ix86+x86_64-gcc8 0.2.0 15.00 52.00 67.00 OK
r-patched-linux-x86_64 0.2.0 9.98 42.43 52.41 OK
r-patched-solaris-x86 0.2.0 82.90 NOTE
r-release-linux-x86_64 0.2.0 8.95 41.67 50.62 OK
r-release-windows-ix86+x86_64 0.2.0 37.00 80.00 117.00 OK
r-release-osx-x86_64 0.2.0 NOTE
r-oldrel-windows-ix86+x86_64 0.2.0 15.00 70.00 85.00 OK
r-oldrel-osx-x86_64 0.2.0 NOTE

Check Details

Version: 0.2.0
Check: dependencies in R code
Result: NOTE
    Namespace in Imports field not imported from: ‘data.table’
     All declared Imports should be used.
Flavors: r-devel-linux-x86_64-fedora-clang, r-devel-linux-x86_64-fedora-gcc, r-patched-solaris-x86, r-release-osx-x86_64, r-oldrel-osx-x86_64