CRAN Package Check Results for Package Census2016

Last updated on 2019-05-26 17:52:45 CEST.

Flavor Version Tinstall Tcheck Ttotal Status Flags
r-devel-linux-x86_64-debian-clang 0.2.0 8.87 42.86 51.73 OK
r-devel-linux-x86_64-debian-gcc 0.2.0 7.87 33.94 41.81 OK
r-devel-linux-x86_64-fedora-clang 0.2.0 62.24 NOTE
r-devel-linux-x86_64-fedora-gcc 0.2.0 63.44 NOTE
r-devel-windows-ix86+x86_64 0.2.0 13.00 49.00 62.00 OK
r-patched-linux-x86_64 0.2.0 OK
r-patched-solaris-x86 0.2.0 81.20 NOTE
r-release-linux-x86_64 0.2.0 9.31 42.41 51.72 OK
r-release-windows-ix86+x86_64 0.2.0 21.00 69.00 90.00 OK
r-release-osx-x86_64 0.2.0 NOTE
r-oldrel-windows-ix86+x86_64 0.2.0 15.00 66.00 81.00 OK
r-oldrel-osx-x86_64 0.2.0 NOTE

Check Details

Version: 0.2.0
Check: dependencies in R code
Result: NOTE
    Namespace in Imports field not imported from: ‘data.table’
     All declared Imports should be used.
Flavors: r-devel-linux-x86_64-fedora-clang, r-devel-linux-x86_64-fedora-gcc, r-patched-solaris-x86, r-release-osx-x86_64, r-oldrel-osx-x86_64