CRAN Package Check Results for Package Census2016

Last updated on 2019-03-24 10:46:26 CET.

Flavor Version Tinstall Tcheck Ttotal Status Flags
r-devel-linux-x86_64-debian-clang 0.2.0 7.70 42.38 50.08 OK
r-devel-linux-x86_64-debian-gcc 0.2.0 7.05 34.87 41.92 OK
r-devel-linux-x86_64-fedora-clang 0.2.0 62.13 NOTE
r-devel-linux-x86_64-fedora-gcc 0.2.0 60.73 NOTE
r-devel-windows-ix86+x86_64 0.2.0 17.00 67.00 84.00 OK
r-patched-linux-x86_64 0.2.0 6.19 39.82 46.01 OK
r-patched-solaris-x86 0.2.0 75.50 NOTE
r-release-linux-x86_64 0.2.0 0.53 2.24 2.77 ERROR
r-release-windows-ix86+x86_64 0.2.0 9.00 49.00 58.00 OK
r-release-osx-x86_64 0.2.0 NOTE
r-oldrel-windows-ix86+x86_64 0.2.0 10.00 59.00 69.00 OK
r-oldrel-osx-x86_64 0.2.0 NOTE

Check Details

Version: 0.2.0
Check: dependencies in R code
Result: NOTE
    Namespace in Imports field not imported from: ‘data.table’
     All declared Imports should be used.
Flavors: r-devel-linux-x86_64-fedora-clang, r-devel-linux-x86_64-fedora-gcc, r-patched-solaris-x86, r-release-osx-x86_64, r-oldrel-osx-x86_64

Version: 0.2.0
Check: whether package can be installed
Result: ERROR
    Installation failed.
Flavor: r-release-linux-x86_64