CRAN Package Check Results for Package Census2016

Last updated on 2019-11-14 22:49:11 CET.

Flavor Version Tinstall Tcheck Ttotal Status Flags
r-devel-linux-x86_64-debian-clang 0.2.0 8.46 43.10 51.56 OK
r-devel-linux-x86_64-debian-gcc 0.2.0 8.07 35.50 43.57 OK
r-devel-linux-x86_64-fedora-clang 0.2.0 69.38 NOTE
r-devel-linux-x86_64-fedora-gcc 0.2.0 65.42 NOTE
r-devel-windows-ix86+x86_64 0.2.0 22.00 68.00 90.00 OK
r-patched-linux-x86_64 0.2.0 9.08 42.80 51.88 OK
r-patched-solaris-x86 0.2.0 83.50 NOTE
r-release-linux-x86_64 0.2.0 9.05 42.43 51.48 OK
r-release-windows-ix86+x86_64 0.2.0 13.00 72.00 85.00 OK
r-release-osx-x86_64 0.2.0 NOTE
r-oldrel-windows-ix86+x86_64 0.2.0 9.00 52.00 61.00 OK
r-oldrel-osx-x86_64 0.2.0 NOTE

Check Details

Version: 0.2.0
Check: dependencies in R code
Result: NOTE
    Namespace in Imports field not imported from: ‘data.table’
     All declared Imports should be used.
Flavors: r-devel-linux-x86_64-fedora-clang, r-devel-linux-x86_64-fedora-gcc, r-patched-solaris-x86, r-release-osx-x86_64, r-oldrel-osx-x86_64