CRAN Package Check Results for Package CerioliOutlierDetection

Last updated on 2021-05-11 08:48:07 CEST.

Flavor Version Tinstall Tcheck Ttotal Status Flags
r-devel-linux-x86_64-debian-clang 1.1.9 2.53 26.23 28.76 NOTE
r-devel-linux-x86_64-debian-gcc 1.1.9 1.73 21.21 22.94 NOTE
r-devel-linux-x86_64-fedora-clang 1.1.9 46.20 NOTE
r-devel-linux-x86_64-fedora-gcc 1.1.9 33.85 NOTE
r-devel-windows-ix86+x86_64 1.1.9 4.00 42.00 46.00 OK
r-devel-windows-x86_64-gcc10-UCRT 1.1.9 NOTE
r-patched-linux-x86_64 1.1.9 4.40 25.88 30.28 NOTE
r-patched-solaris-x86 1.1.9 54.40 NOTE
r-release-linux-x86_64 1.1.9 2.30 25.13 27.43 NOTE
r-release-macos-x86_64 1.1.9 OK
r-release-windows-ix86+x86_64 1.1.9 5.00 34.00 39.00 OK
r-oldrel-macos-x86_64 1.1.9 OK
r-oldrel-windows-ix86+x86_64 1.1.9 5.00 5.00 10.00 ERROR

Check Details

Version: 1.1.9
Check: package dependencies
Result: NOTE
    Package suggested but not available for checking: 'alr3'
Flavors: r-devel-linux-x86_64-debian-clang, r-devel-linux-x86_64-debian-gcc, r-devel-linux-x86_64-fedora-clang, r-devel-linux-x86_64-fedora-gcc, r-devel-windows-x86_64-gcc10-UCRT, r-patched-linux-x86_64, r-patched-solaris-x86, r-release-linux-x86_64

Version: 1.1.9
Check: whether package can be installed
Result: ERROR
Flavor: r-oldrel-windows-ix86+x86_64