CRAN Package Check Results for Package CerioliOutlierDetection

Last updated on 2022-09-27 21:53:46 CEST.

Flavor Version Tinstall Tcheck Ttotal Status Flags
r-devel-linux-x86_64-debian-clang 1.1.9 2.19 28.28 30.47 NOTE
r-devel-linux-x86_64-debian-gcc 1.1.9 2.17 22.39 24.56 NOTE
r-devel-linux-x86_64-fedora-clang 1.1.9 51.78 NOTE
r-devel-linux-x86_64-fedora-gcc 1.1.9 48.98 NOTE
r-devel-windows-x86_64 1.1.9 130.00 57.00 187.00 NOTE
r-patched-linux-x86_64 1.1.9 5.13 26.84 31.97 NOTE
r-release-linux-x86_64 1.1.9 2.66 27.12 29.78 NOTE
r-release-macos-arm64 1.1.9 18.00 NOTE
r-release-macos-x86_64 1.1.9 23.00 NOTE
r-release-windows-x86_64 1.1.9 163.00 56.00 219.00 NOTE
r-oldrel-macos-arm64 1.1.9 21.00 NOTE
r-oldrel-macos-x86_64 1.1.9 29.00 NOTE
r-oldrel-windows-ix86+x86_64 1.1.9 8.00 54.00 62.00 OK

Check Details

Version: 1.1.9
Check: package dependencies
Result: NOTE
    Package suggested but not available for checking: 'alr3'
Flavors: r-devel-linux-x86_64-debian-clang, r-devel-linux-x86_64-debian-gcc, r-devel-linux-x86_64-fedora-clang, r-devel-linux-x86_64-fedora-gcc, r-devel-windows-x86_64, r-patched-linux-x86_64, r-release-linux-x86_64, r-release-macos-arm64, r-release-macos-x86_64, r-release-windows-x86_64, r-oldrel-macos-arm64, r-oldrel-macos-x86_64