CRAN Package Check Results for Package Certara.NLME8

Last updated on 2024-02-28 08:54:23 CET.

Flavor Version Tinstall Tcheck Ttotal Status Flags
r-devel-linux-x86_64-debian-clang 1.2.4 10.79 54.32 65.11 NOTE
r-devel-linux-x86_64-debian-gcc 1.2.4 7.70 39.67 47.37 NOTE
r-devel-linux-x86_64-fedora-clang 1.2.4 81.48 NOTE
r-devel-linux-x86_64-fedora-gcc 1.2.4 78.96 NOTE
r-devel-windows-x86_64 1.2.4 9.00 56.00 65.00 OK
r-patched-linux-x86_64 1.2.4 9.51 52.45 61.96 OK
r-release-linux-x86_64 1.2.4 10.47 52.17 62.64 OK
r-release-macos-arm64 1.2.4 25.00 OK
r-release-macos-x86_64 1.2.4 63.00 OK
r-release-windows-x86_64 1.2.4 13.00 59.00 72.00 OK
r-oldrel-macos-arm64 1.2.4 26.00 OK
r-oldrel-windows-x86_64 1.2.4 12.00 63.00 75.00 OK

Check Details

Version: 1.2.4
Check: Rd files
Result: NOTE checkRd: (-1) performParallelNLMERun.Rd:22: Lost braces 22 | \item{partialJob}{is /code{TRUE} if it is not required to stop the job | ^ checkRd: (-1) performParallelNLMERun.Rd:25: Lost braces 25 | \item{allowIntermediateResults}{is /code{TRUE} if intermediate results | ^ Flavors: r-devel-linux-x86_64-debian-clang, r-devel-linux-x86_64-debian-gcc, r-devel-linux-x86_64-fedora-clang, r-devel-linux-x86_64-fedora-gcc