CRAN Package Check Results for Package ChIPtest

Last updated on 2021-04-17 18:49:50 CEST.

Flavor Version Tinstall Tcheck Ttotal Status Flags
r-devel-linux-x86_64-debian-clang 1.0 3.25 26.30 29.55 OK
r-devel-linux-x86_64-debian-gcc 1.0 2.40 20.68 23.08 OK
r-devel-linux-x86_64-fedora-clang 1.0 46.37 NOTE
r-devel-linux-x86_64-fedora-gcc 1.0 37.00 NOTE
r-devel-windows-ix86+x86_64 1.0 9.00 51.00 60.00 OK
r-devel-windows-x86_64-gcc10-UCRT 1.0 OK
r-patched-linux-x86_64 1.0 2.80 25.66 28.46 OK
r-patched-solaris-x86 1.0 57.40 OK
r-release-linux-x86_64 1.0 2.73 25.73 28.46 OK
r-release-macos-x86_64 1.0 OK
r-release-windows-ix86+x86_64 1.0 8.00 53.00 61.00 OK
r-oldrel-macos-x86_64 1.0 OK
r-oldrel-windows-ix86+x86_64 1.0 16.00 63.00 79.00 OK

Check Details

Version: 1.0
Check: compiled code
Result: NOTE
    File ‘ChIPtest/libs/ChIPtest.so’:
     Found no calls to: ‘R_registerRoutines’, ‘R_useDynamicSymbols’
    
    It is good practice to register native routines and to disable symbol
    search.
    
    See ‘Writing portable packages’ in the ‘Writing R Extensions’ manual.
Flavors: r-devel-linux-x86_64-fedora-clang, r-devel-linux-x86_64-fedora-gcc