CRAN Package Check Results for Package ChannelAttribution

Last updated on 2023-03-26 08:56:48 CEST.

Flavor Version Tinstall Tcheck Ttotal Status Flags
r-devel-linux-x86_64-debian-clang 2.0.6 30.86 29.81 60.67 NOTE
r-devel-linux-x86_64-debian-gcc 2.0.6 26.23 23.39 49.62 NOTE
r-devel-linux-x86_64-fedora-gcc 2.0.6 82.18 NOTE
r-devel-windows-x86_64 2.0.6 63.00 82.00 145.00 NOTE
r-patched-linux-x86_64 2.0.6 28.47 28.58 57.05 NOTE
r-release-linux-x86_64 2.0.6 23.72 29.07 52.79 OK
r-release-macos-arm64 2.0.6 25.00 OK
r-release-macos-x86_64 2.0.6 36.00 OK
r-release-windows-x86_64 2.0.6 76.00 90.00 166.00 OK
r-oldrel-macos-arm64 2.0.6 29.00 OK
r-oldrel-macos-x86_64 2.0.6 40.00 OK
r-oldrel-windows-ix86+x86_64 2.0.6 73.00 83.00 156.00 OK

Check Details

Version: 2.0.6
Check: C++ specification
Result: NOTE
     Specified C++11: please drop specification unless essential
Flavors: r-devel-linux-x86_64-debian-clang, r-devel-linux-x86_64-debian-gcc, r-devel-linux-x86_64-fedora-gcc, r-devel-windows-x86_64, r-patched-linux-x86_64