CRAN Package Check Results for Package Chaos01

Last updated on 2022-07-03 12:52:36 CEST.

Flavor Version Tinstall Tcheck Ttotal Status Flags
r-devel-linux-x86_64-debian-clang 1.2.1 4.12 28.40 32.52 NOTE
r-devel-linux-x86_64-debian-gcc 1.2.1 3.34 21.83 25.17 NOTE
r-devel-linux-x86_64-fedora-clang 1.2.1 51.11 NOTE
r-devel-linux-x86_64-fedora-gcc 1.2.1 50.00 NOTE
r-devel-windows-x86_64 1.2.1 21.00 53.00 74.00 NOTE
r-patched-linux-x86_64 1.2.1 3.81 28.13 31.94 NOTE
r-release-linux-x86_64 1.2.1 3.21 28.13 31.34 NOTE
r-release-macos-arm64 1.2.1 17.00 NOTE
r-release-macos-x86_64 1.2.1 23.00 NOTE
r-release-windows-x86_64 1.2.1 23.00 56.00 79.00 NOTE
r-oldrel-macos-arm64 1.2.1 25.00 NOTE
r-oldrel-macos-x86_64 1.2.1 30.00 NOTE
r-oldrel-windows-ix86+x86_64 1.2.1 11.00 58.00 69.00 NOTE

Check Details

Version: 1.2.1
Check: LazyData
Result: NOTE
     'LazyData' is specified without a 'data' directory
Flavors: r-devel-linux-x86_64-debian-clang, r-devel-linux-x86_64-debian-gcc, r-devel-linux-x86_64-fedora-clang, r-devel-linux-x86_64-fedora-gcc, r-devel-windows-x86_64, r-patched-linux-x86_64, r-release-linux-x86_64, r-release-macos-arm64, r-release-macos-x86_64, r-release-windows-x86_64, r-oldrel-macos-arm64, r-oldrel-macos-x86_64, r-oldrel-windows-ix86+x86_64

Version: 1.2.1
Check: package dependencies
Result: NOTE
    Package suggested but not available for checking: ‘pbdMPI’
Flavors: r-release-macos-arm64, r-release-macos-x86_64, r-oldrel-macos-arm64, r-oldrel-macos-x86_64