CRAN Package Check Results for Package Chaos01

Last updated on 2022-11-30 09:52:25 CET.

Flavor Version Tinstall Tcheck Ttotal Status Flags
r-devel-linux-x86_64-debian-clang 1.2.1 4.63 29.75 34.38 NOTE
r-devel-linux-x86_64-debian-gcc 1.2.1 3.52 22.73 26.25 NOTE
r-devel-linux-x86_64-fedora-clang 1.2.1 55.37 NOTE
r-devel-linux-x86_64-fedora-gcc 1.2.1 50.53 NOTE
r-devel-windows-x86_64 1.2.1 20.00 59.00 79.00 NOTE
r-patched-linux-x86_64 1.2.1 4.03 28.86 32.89 NOTE
r-release-linux-x86_64 1.2.1 3.91 28.13 32.04 NOTE
r-release-macos-arm64 1.2.1 17.00 NOTE
r-release-macos-x86_64 1.2.1 23.00 NOTE
r-release-windows-x86_64 1.2.1 24.00 57.00 81.00 NOTE
r-oldrel-macos-arm64 1.2.1 25.00 NOTE
r-oldrel-macos-x86_64 1.2.1 30.00 NOTE
r-oldrel-windows-ix86+x86_64 1.2.1 12.00 61.00 73.00 NOTE

Check Details

Version: 1.2.1
Check: LazyData
Result: NOTE
     'LazyData' is specified without a 'data' directory
Flavors: r-devel-linux-x86_64-debian-clang, r-devel-linux-x86_64-debian-gcc, r-devel-linux-x86_64-fedora-clang, r-devel-linux-x86_64-fedora-gcc, r-devel-windows-x86_64, r-patched-linux-x86_64, r-release-linux-x86_64, r-release-macos-arm64, r-release-macos-x86_64, r-release-windows-x86_64, r-oldrel-macos-arm64, r-oldrel-macos-x86_64, r-oldrel-windows-ix86+x86_64

Version: 1.2.1
Check: package dependencies
Result: NOTE
    Package suggested but not available for checking: ‘pbdMPI’
Flavors: r-release-macos-arm64, r-release-macos-x86_64, r-oldrel-macos-arm64, r-oldrel-macos-x86_64