CRAN Package Check Results for Package CheckDigit

Last updated on 2020-05-25 10:48:52 CEST.

Flavor Version Tinstall Tcheck Ttotal Status Flags
r-devel-linux-x86_64-debian-clang 0.1-1 1.86 20.15 22.01 NOTE
r-devel-linux-x86_64-debian-gcc 0.1-1 1.48 15.82 17.30 NOTE
r-devel-linux-x86_64-fedora-clang 0.1-1 28.30 NOTE
r-devel-linux-x86_64-fedora-gcc 0.1-1 25.99 NOTE
r-devel-windows-ix86+x86_64 0.1-1 4.00 41.00 45.00 NOTE
r-patched-linux-x86_64 0.1-1 1.68 20.11 21.79 NOTE
r-patched-solaris-x86 0.1-1 40.30 NOTE
r-release-linux-x86_64 0.1-1 1.77 19.87 21.64 NOTE
r-release-osx-x86_64 0.1-1 NOTE
r-release-windows-ix86+x86_64 0.1-1 5.00 42.00 47.00 NOTE
r-oldrel-osx-x86_64 0.1-1 NOTE
r-oldrel-windows-ix86+x86_64 0.1-1 3.00 42.00 45.00 NOTE

Check Details

Version: 0.1-1
Check: DESCRIPTION meta-information
Result: NOTE
    Malformed Description field: should contain one or more complete sentences.
Flavors: r-devel-linux-x86_64-debian-clang, r-devel-linux-x86_64-debian-gcc, r-devel-linux-x86_64-fedora-clang, r-devel-linux-x86_64-fedora-gcc, r-devel-windows-ix86+x86_64, r-patched-linux-x86_64, r-patched-solaris-x86, r-release-linux-x86_64, r-release-osx-x86_64, r-release-windows-ix86+x86_64, r-oldrel-osx-x86_64, r-oldrel-windows-ix86+x86_64