Last updated on 2022-05-24 00:51:36 CEST.
Flavor | Version | Tinstall | Tcheck | Ttotal | Status | Flags |
---|---|---|---|---|---|---|
r-devel-linux-x86_64-debian-clang | 0.3.0 | 5.52 | 66.64 | 72.16 | NOTE | |
r-devel-linux-x86_64-debian-gcc | 0.3.0 | 3.49 | 50.08 | 53.57 | NOTE | |
r-devel-linux-x86_64-fedora-clang | 0.3.0 | 83.33 | NOTE | |||
r-devel-linux-x86_64-fedora-gcc | 0.3.0 | 88.14 | NOTE | |||
r-devel-windows-x86_64 | 0.3.0 | 17.00 | 81.00 | 98.00 | NOTE | |
r-patched-linux-x86_64 | 0.3.0 | 5.34 | 63.64 | 68.98 | NOTE | |
r-release-linux-x86_64 | 0.3.0 | NOTE | ||||
r-release-macos-arm64 | 0.3.0 | 23.00 | NOTE | |||
r-release-macos-x86_64 | 0.3.0 | 36.00 | NOTE | |||
r-release-windows-x86_64 | 0.3.0 | 20.00 | 82.00 | 102.00 | NOTE | |
r-oldrel-macos-arm64 | 0.3.0 | 26.00 | NOTE | |||
r-oldrel-macos-x86_64 | 0.3.0 | 51.00 | NOTE | |||
r-oldrel-windows-ix86+x86_64 | 0.3.0 | 10.00 | 80.00 | 90.00 | NOTE |
Version: 0.3.0
Check: LazyData
Result: NOTE
'LazyData' is specified without a 'data' directory
Flavors: r-devel-linux-x86_64-debian-clang, r-devel-linux-x86_64-debian-gcc, r-devel-linux-x86_64-fedora-clang, r-devel-linux-x86_64-fedora-gcc, r-devel-windows-x86_64, r-patched-linux-x86_64, r-release-linux-x86_64, r-release-macos-arm64, r-release-macos-x86_64, r-release-windows-x86_64, r-oldrel-macos-arm64, r-oldrel-macos-x86_64, r-oldrel-windows-ix86+x86_64