CRAN Package Check Results for Package CircularDDM

Last updated on 2023-02-07 23:07:42 CET.

Flavor Version Tinstall Tcheck Ttotal Status Flags
r-devel-linux-x86_64-debian-clang 0.1.0 33.16 28.82 61.98 NOTE
r-devel-linux-x86_64-debian-gcc 0.1.0 25.56 22.11 47.67 NOTE
r-devel-linux-x86_64-fedora-clang 0.1.0 87.72 NOTE
r-devel-linux-x86_64-fedora-gcc 0.1.0 84.44 NOTE
r-devel-windows-x86_64 0.1.0 39.00 74.00 113.00 NOTE
r-patched-linux-x86_64 0.1.0 30.81 27.61 58.42 NOTE
r-release-linux-x86_64 0.1.0 30.45 27.93 58.38 NOTE
r-release-macos-arm64 0.1.0 25.00 NOTE
r-release-macos-x86_64 0.1.0 34.00 NOTE
r-release-windows-x86_64 0.1.0 36.00 87.00 123.00 NOTE
r-oldrel-macos-arm64 0.1.0 34.00 NOTE
r-oldrel-macos-x86_64 0.1.0 47.00 NOTE
r-oldrel-windows-ix86+x86_64 0.1.0 84.00 80.00 164.00 NOTE

Check Details

Version: 0.1.0
Check: LazyData
Result: NOTE
     'LazyData' is specified without a 'data' directory
Flavors: r-devel-linux-x86_64-debian-clang, r-devel-linux-x86_64-debian-gcc, r-devel-linux-x86_64-fedora-clang, r-devel-linux-x86_64-fedora-gcc, r-devel-windows-x86_64, r-patched-linux-x86_64, r-release-linux-x86_64, r-release-macos-arm64, r-release-macos-x86_64, r-release-windows-x86_64, r-oldrel-macos-arm64, r-oldrel-macos-x86_64, r-oldrel-windows-ix86+x86_64