CRAN Package Check Results for Package CityPlot

Last updated on 2021-10-17 17:49:17 CEST.

Flavor Version Tinstall Tcheck Ttotal Status Flags
r-devel-linux-x86_64-debian-clang 2.0 2.17 19.69 21.86 NOTE
r-devel-linux-x86_64-debian-gcc 2.0 1.52 15.77 17.29 NOTE
r-devel-linux-x86_64-fedora-clang 2.0 37.89 NOTE
r-devel-linux-x86_64-fedora-gcc 2.0 26.42 NOTE
r-devel-windows-x86_64 2.0 4.00 33.00 37.00 NOTE
r-devel-windows-x86_64-gcc10-UCRT 2.0 NOTE
r-patched-linux-x86_64 2.0 2.17 19.43 21.60 NOTE
r-patched-solaris-x86 2.0 41.70 NOTE
r-release-linux-x86_64 2.0 1.95 19.37 21.32 NOTE
r-release-macos-arm64 2.0 NOTE
r-release-macos-x86_64 2.0 NOTE
r-release-windows-ix86+x86_64 2.0 6.00 31.00 37.00 NOTE
r-oldrel-macos-x86_64 2.0 NOTE
r-oldrel-windows-ix86+x86_64 2.0 5.00 32.00 37.00 NOTE

Check Details

Version: 2.0
Check: DESCRIPTION meta-information
Result: NOTE
    Malformed Description field: should contain one or more complete sentences.
Flavors: r-devel-linux-x86_64-debian-clang, r-devel-linux-x86_64-debian-gcc, r-devel-linux-x86_64-fedora-clang, r-devel-linux-x86_64-fedora-gcc, r-devel-windows-x86_64, r-devel-windows-x86_64-gcc10-UCRT, r-patched-linux-x86_64, r-patched-solaris-x86, r-release-linux-x86_64, r-release-macos-arm64, r-release-macos-x86_64, r-release-windows-ix86+x86_64, r-oldrel-macos-x86_64, r-oldrel-windows-ix86+x86_64

Version: 2.0
Check: R code for possible problems
Result: NOTE
    CityPlot: no visible global function definition for 'read.table'
    CityPlot: no visible global function definition for 'tail'
    CityPlot: no visible global function definition for 'pdf'
    CityPlot: no visible global function definition for 'split.screen'
    CityPlot: no visible global function definition for 'screen'
    CityPlot: no visible global function definition for 'par'
    CityPlot: no visible global function definition for 'rect'
    CityPlot: no visible global function definition for 'text'
    CityPlot: no visible global function definition for 'lines'
    CityPlot: no visible global function definition for 'dev.off'
    Undefined global functions or variables:
     dev.off lines par pdf read.table rect screen split.screen tail text
    Consider adding
     importFrom("grDevices", "dev.off", "pdf")
     importFrom("graphics", "lines", "par", "rect", "screen",
     "split.screen", "text")
     importFrom("utils", "read.table", "tail")
    to your NAMESPACE file.
Flavors: r-devel-linux-x86_64-debian-clang, r-devel-linux-x86_64-debian-gcc, r-devel-linux-x86_64-fedora-clang, r-devel-linux-x86_64-fedora-gcc, r-devel-windows-x86_64, r-devel-windows-x86_64-gcc10-UCRT, r-patched-linux-x86_64, r-patched-solaris-x86, r-release-linux-x86_64, r-release-macos-arm64, r-release-macos-x86_64, r-release-windows-ix86+x86_64, r-oldrel-macos-x86_64, r-oldrel-windows-ix86+x86_64