CRAN Package Check Results for Package Claddis

Last updated on 2020-08-05 21:48:53 CEST.

Flavor Version Tinstall Tcheck Ttotal Status Flags
r-devel-linux-x86_64-debian-clang 0.3.4 15.27 115.67 130.94 OK
r-devel-linux-x86_64-debian-gcc 0.3.4 12.49 84.24 96.73 OK
r-devel-linux-x86_64-fedora-clang 0.3.4 158.06 OK
r-devel-linux-x86_64-fedora-gcc 0.3.4 148.90 OK
r-devel-windows-ix86+x86_64 0.3.4 38.00 129.00 167.00 OK
r-patched-linux-x86_64 0.3.4 14.42 109.53 123.95 OK
r-patched-solaris-x86 0.3.4 201.60 OK
r-release-linux-x86_64 0.3.4 14.56 111.39 125.95 OK
r-release-macos-x86_64 0.3.4 OK
r-release-windows-ix86+x86_64 0.3.4 36.00 175.00 211.00 OK
r-oldrel-macos-x86_64 0.3.4 NOTE
r-oldrel-windows-ix86+x86_64 0.3.4 24.00 149.00 173.00 OK

Check Details

Version: 0.3.4
Check: dependencies in R code
Result: NOTE
    No protocol specified
Flavor: r-oldrel-macos-x86_64