CRAN Package Check Results for Package ClimDown

Last updated on 2021-09-19 15:49:04 CEST.

Flavor Version Tinstall Tcheck Ttotal Status Flags
r-devel-linux-x86_64-debian-clang 1.0.8 8.66 312.67 321.33 OK
r-devel-linux-x86_64-debian-gcc 1.0.8 6.42 219.10 225.52 OK
r-devel-linux-x86_64-fedora-clang 1.0.8 366.54 OK
r-devel-linux-x86_64-fedora-gcc 1.0.8 359.41 OK
r-devel-windows-x86_64 1.0.8 12.00 89.00 101.00 OK --no-examples --no-tests --no-vignettes
r-devel-windows-x86_64-gcc10-UCRT 1.0.8 ERROR
r-patched-linux-x86_64 1.0.8 8.10 292.22 300.32 OK
r-patched-solaris-x86 1.0.8 496.80 OK
r-release-linux-x86_64 1.0.8 5.71 290.07 295.78 OK
r-release-macos-arm64 1.0.8 ERROR
r-release-macos-x86_64 1.0.8 ERROR
r-release-windows-ix86+x86_64 1.0.8 19.00 65.00 84.00 OK --no-examples --no-tests --no-vignettes
r-oldrel-macos-x86_64 1.0.8 OK
r-oldrel-windows-ix86+x86_64 1.0.8 20.00 62.00 82.00 OK --no-examples --no-tests --no-vignettes

Check Details

Version: 1.0.8
Check: whether package can be installed
Result: WARN
    Found the following significant warnings:
     WARNING: installation-time patches will not be applied, could not get the patches index
Flavor: r-devel-windows-x86_64-gcc10-UCRT

Version: 1.0.8
Check: PDF version of manual
Result: WARN
    LaTeX errors when creating PDF version.
    This typically indicates Rd problems.
Flavor: r-devel-windows-x86_64-gcc10-UCRT

Version: 1.0.8
Check: PDF version of manual without hyperrefs or index
Result: ERROR
    Re-running with no redirection of stdout/stderr.
Flavor: r-devel-windows-x86_64-gcc10-UCRT

Version: 1.0.8
Check: package dependencies
Result: ERROR
    Package required but not available: ‘udunits2’
    
    See section ‘The DESCRIPTION file’ in the ‘Writing R Extensions’
    manual.
Flavors: r-release-macos-arm64, r-release-macos-x86_64