CRAN Package Check Results for Package ClinSigMeasures

Last updated on 2024-05-26 21:49:12 CEST.

Flavor Version Tinstall Tcheck Ttotal Status Flags
r-devel-linux-x86_64-debian-clang 1.0 2.48 21.89 24.37 NOTE
r-devel-linux-x86_64-debian-gcc 1.0 1.90 16.97 18.87 NOTE
r-devel-linux-x86_64-fedora-clang 1.0 30.98 NOTE
r-devel-linux-x86_64-fedora-gcc 1.0 28.93 NOTE
r-devel-windows-x86_64 1.0 2.00 37.00 39.00 NOTE
r-patched-linux-x86_64 1.0 2.69 20.76 23.45 NOTE
r-release-linux-x86_64 1.0 2.51 21.83 24.34 NOTE
r-release-macos-arm64 1.0 14.00 NOTE
r-release-windows-x86_64 1.0 3.00 37.00 40.00 NOTE
r-oldrel-macos-arm64 1.0 14.00 NOTE
r-oldrel-macos-x86_64 1.0 19.00 NOTE
r-oldrel-windows-x86_64 1.0 4.00 37.00 41.00 NOTE

Check Details

Version: 1.0
Check: LazyData
Result: NOTE 'LazyData' is specified without a 'data' directory Flavors: r-devel-linux-x86_64-debian-clang, r-devel-linux-x86_64-debian-gcc, r-devel-linux-x86_64-fedora-clang, r-devel-linux-x86_64-fedora-gcc, r-devel-windows-x86_64, r-patched-linux-x86_64, r-release-linux-x86_64, r-release-macos-arm64, r-release-windows-x86_64, r-oldrel-macos-arm64, r-oldrel-macos-x86_64, r-oldrel-windows-x86_64