CRAN Package Check Results for Package ClusTorus

Last updated on 2021-05-17 02:46:45 CEST.

Flavor Version Tinstall Tcheck Ttotal Status Flags
r-devel-linux-x86_64-debian-clang 0.0.1 4.28 529.91 534.19 OK
r-devel-linux-x86_64-debian-gcc 0.0.1 4.08 327.07 331.15 OK
r-devel-linux-x86_64-fedora-clang 0.0.1 582.38 NOTE
r-devel-linux-x86_64-fedora-gcc 0.0.1 564.90 OK
r-devel-windows-ix86+x86_64 0.0.1 11.00 607.00 618.00 OK
r-devel-windows-x86_64-gcc10-UCRT 0.0.1 OK
r-patched-linux-x86_64 0.0.1 4.87 481.42 486.29 OK
r-patched-solaris-x86 0.0.1 831.40 OK
r-release-linux-x86_64 0.0.1 4.35 463.31 467.66 OK
r-release-macos-x86_64 0.0.1 OK
r-release-windows-ix86+x86_64 0.0.1 7.00 451.00 458.00 OK
r-oldrel-macos-x86_64 0.0.1 OK
r-oldrel-windows-ix86+x86_64 0.0.1 6.00 518.00 524.00 OK

Check Details

Version: 0.0.1
Check: Rd cross-references
Result: NOTE
    Undeclared package ‘bio3d’ in Rd xrefs
Flavor: r-devel-linux-x86_64-fedora-clang