CRAN Package Check Results for Package ClustBlock

Last updated on 2020-10-28 13:46:56 CET.

Flavor Version Tinstall Tcheck Ttotal Status Flags
r-devel-linux-x86_64-debian-clang 2.2.1 8.89 77.51 86.40 OK
r-devel-linux-x86_64-debian-gcc 2.2.1 7.56 56.20 63.76 OK
r-devel-linux-x86_64-fedora-clang 2.2.1 108.70 NOTE
r-devel-linux-x86_64-fedora-gcc 2.2.1 107.40 NOTE
r-devel-windows-ix86+x86_64 2.2.1 20.00 99.00 119.00 OK
r-patched-linux-x86_64 2.2.1 OK
r-patched-solaris-x86 2.2.1 128.40 NOTE
r-release-linux-x86_64 2.2.1 8.35 72.39 80.74 OK
r-release-macos-x86_64 2.2.1 NOTE
r-release-windows-ix86+x86_64 2.2.1 14.00 69.00 83.00 OK
r-oldrel-macos-x86_64 2.2.1 NOTE
r-oldrel-windows-ix86+x86_64 2.2.1 16.00 97.00 113.00 OK

Check Details

Version: 2.2.1
Check: data for non-ASCII characters
Result: NOTE
     Note: found 2 marked Latin-1 strings
Flavors: r-devel-linux-x86_64-fedora-clang, r-devel-linux-x86_64-fedora-gcc, r-patched-solaris-x86, r-release-macos-x86_64, r-oldrel-macos-x86_64