CRAN Package Check Results for Package ClustGeo

Last updated on 2022-01-19 20:00:24 CET.

Flavor Version Tinstall Tcheck Ttotal Status Flags
r-devel-linux-x86_64-debian-clang 2.1 OK
r-devel-linux-x86_64-debian-gcc 2.1 2.35 43.86 46.21 OK
r-devel-linux-x86_64-fedora-clang 2.1 67.46 NOTE
r-devel-linux-x86_64-fedora-gcc 2.1 56.16 NOTE
r-devel-windows-x86_64-new-UL 2.1 27.00 78.00 105.00 OK
r-devel-windows-x86_64-new-TK 2.1 NOTE
r-patched-linux-x86_64 2.1 2.05 49.14 51.19 OK
r-release-linux-x86_64 2.1 OK
r-release-macos-arm64 2.1 NOTE
r-release-macos-x86_64 2.1 NOTE
r-release-windows-ix86+x86_64 2.1 5.00 66.00 71.00 OK
r-oldrel-macos-x86_64 2.1 NOTE
r-oldrel-windows-ix86+x86_64 2.1 7.00 66.00 73.00 OK

Check Details

Version: 2.1
Check: dependencies in R code
Result: NOTE
    Namespaces in Imports field not imported from:
     ‘sp’ ‘spdep’
     All declared Imports should be used.
Flavors: r-devel-linux-x86_64-fedora-clang, r-devel-linux-x86_64-fedora-gcc, r-devel-windows-x86_64-new-TK, r-release-macos-arm64, r-release-macos-x86_64, r-oldrel-macos-x86_64