CRAN Package Check Results for Package ClustMMDD

Last updated on 2021-04-12 01:47:05 CEST.

Flavor Version Tinstall Tcheck Ttotal Status Flags
r-devel-linux-x86_64-debian-clang 1.0.4 41.23 56.97 98.20 OK
r-devel-linux-x86_64-debian-gcc 1.0.4 28.90 44.14 73.04 OK
r-devel-linux-x86_64-fedora-clang 1.0.4 137.22 NOTE
r-devel-linux-x86_64-fedora-gcc 1.0.4 117.31 NOTE
r-devel-windows-ix86+x86_64 1.0.4 90.00 116.00 206.00 OK
r-devel-windows-x86_64-gcc10-UCRT 1.0.4 OK
r-patched-linux-x86_64 1.0.4 39.36 55.48 94.84 OK
r-patched-solaris-x86 1.0.4 145.70 OK
r-release-linux-x86_64 1.0.4 35.55 55.03 90.58 OK
r-release-macos-x86_64 1.0.4 NOTE
r-release-windows-ix86+x86_64 1.0.4 71.00 112.00 183.00 OK
r-oldrel-macos-x86_64 1.0.4 NOTE
r-oldrel-windows-ix86+x86_64 1.0.4 83.00 75.00 158.00 OK

Check Details

Version: 1.0.4
Check: installed package size
Result: NOTE
     installed size is 5.8Mb
     sub-directories of 1Mb or more:
     libs 5.3Mb
Flavors: r-devel-linux-x86_64-fedora-clang, r-release-macos-x86_64, r-oldrel-macos-x86_64

Version: 1.0.4
Check: compiled code
Result: NOTE
    File ‘ClustMMDD/libs/ClustMMDD.so’:
     Found no calls to: ‘R_registerRoutines’, ‘R_useDynamicSymbols’
    
    It is good practice to register native routines and to disable symbol
    search.
    
    See ‘Writing portable packages’ in the ‘Writing R Extensions’ manual.
Flavors: r-devel-linux-x86_64-fedora-clang, r-devel-linux-x86_64-fedora-gcc