CRAN Package Check Results for Package ClustMMDD

Last updated on 2019-08-19 03:46:46 CEST.

Flavor Version Tinstall Tcheck Ttotal Status Flags
r-devel-linux-x86_64-debian-clang 1.0.4 33.32 47.18 80.50 OK
r-devel-linux-x86_64-debian-gcc 1.0.4 30.47 38.11 68.58 OK
r-devel-linux-x86_64-fedora-clang 1.0.4 113.16 NOTE
r-devel-linux-x86_64-fedora-gcc 1.0.4 115.25 NOTE
r-devel-windows-ix86+x86_64 1.0.4 103.00 117.00 220.00 OK
r-patched-linux-x86_64 1.0.4 30.68 46.88 77.56 OK
r-patched-solaris-x86 1.0.4 131.00 OK
r-release-linux-x86_64 1.0.4 32.94 47.17 80.11 OK
r-release-windows-ix86+x86_64 1.0.4 63.00 90.00 153.00 OK
r-release-osx-x86_64 1.0.4 NOTE
r-oldrel-windows-ix86+x86_64 1.0.4 81.00 116.00 197.00 OK
r-oldrel-osx-x86_64 1.0.4 NOTE

Check Details

Version: 1.0.4
Check: installed package size
Result: NOTE
     installed size is 5.4Mb
     sub-directories of 1Mb or more:
     libs 4.9Mb
Flavors: r-devel-linux-x86_64-fedora-clang, r-release-osx-x86_64, r-oldrel-osx-x86_64

Version: 1.0.4
Check: compiled code
Result: NOTE
    File ‘ClustMMDD/libs/ClustMMDD.so’:
     Found no calls to: ‘R_registerRoutines’, ‘R_useDynamicSymbols’
    
    It is good practice to register native routines and to disable symbol
    search.
    
    See ‘Writing portable packages’ in the ‘Writing R Extensions’ manual.
Flavors: r-devel-linux-x86_64-fedora-clang, r-devel-linux-x86_64-fedora-gcc