CRAN Package Check Results for Package ClustMMDD

Last updated on 2019-12-10 07:49:54 CET.

Flavor Version Tinstall Tcheck Ttotal Status Flags
r-devel-linux-x86_64-debian-clang 1.0.4 36.36 51.14 87.50 OK
r-devel-linux-x86_64-debian-gcc 1.0.4 30.06 40.92 70.98 OK
r-devel-linux-x86_64-fedora-clang 1.0.4 116.96 NOTE
r-devel-linux-x86_64-fedora-gcc 1.0.4 118.76 NOTE
r-devel-windows-ix86+x86_64 1.0.4 87.00 91.00 178.00 OK
r-devel-windows-ix86+x86_64-gcc8 1.0.4 77.00 93.00 170.00 OK
r-patched-linux-x86_64 1.0.4 31.97 46.73 78.70 OK
r-patched-solaris-x86 1.0.4 123.90 OK
r-release-linux-x86_64 1.0.4 30.53 46.79 77.32 OK
r-release-windows-ix86+x86_64 1.0.4 70.00 93.00 163.00 OK
r-release-osx-x86_64 1.0.4 NOTE
r-oldrel-windows-ix86+x86_64 1.0.4 58.00 99.00 157.00 OK
r-oldrel-osx-x86_64 1.0.4 NOTE

Check Details

Version: 1.0.4
Check: installed package size
Result: NOTE
     installed size is 5.4Mb
     sub-directories of 1Mb or more:
     libs 4.9Mb
Flavors: r-devel-linux-x86_64-fedora-clang, r-release-osx-x86_64, r-oldrel-osx-x86_64

Version: 1.0.4
Check: compiled code
Result: NOTE
    File ‘ClustMMDD/libs/ClustMMDD.so’:
     Found no calls to: ‘R_registerRoutines’, ‘R_useDynamicSymbols’
    
    It is good practice to register native routines and to disable symbol
    search.
    
    See ‘Writing portable packages’ in the ‘Writing R Extensions’ manual.
Flavors: r-devel-linux-x86_64-fedora-clang, r-devel-linux-x86_64-fedora-gcc