CRAN Package Check Results for Package ClustVarLV

Last updated on 2024-06-21 18:52:41 CEST.

Flavor Version Tinstall Tcheck Ttotal Status Flags
r-devel-linux-x86_64-debian-clang 2.1.1 55.32 247.96 303.28 NOTE
r-devel-linux-x86_64-debian-gcc 2.1.1 35.87 173.43 209.30 NOTE
r-devel-linux-x86_64-fedora-clang 2.1.1 388.19 NOTE
r-devel-linux-x86_64-fedora-gcc 2.1.1 381.22 NOTE
r-devel-windows-x86_64 2.1.1 44.00 208.00 252.00 NOTE
r-patched-linux-x86_64 2.1.1 43.77 237.54 281.31 NOTE
r-release-linux-x86_64 2.1.1 39.86 242.97 282.83 NOTE
r-release-macos-arm64 2.1.1 98.00 NOTE
r-release-macos-x86_64 2.1.1 159.00 NOTE
r-release-windows-x86_64 2.1.1 43.00 250.00 293.00 NOTE
r-oldrel-macos-arm64 2.1.1 104.00 OK
r-oldrel-macos-x86_64 2.1.1 203.00 OK
r-oldrel-windows-x86_64 2.1.1 52.00 250.00 302.00 OK

Check Details

Version: 2.1.1
Check: Rd files
Result: NOTE checkRd: (-1) CLV.Rd:51: Lost braces in \itemize; \value handles \item{}{} directly checkRd: (-1) CLV.Rd:52: Lost braces in \itemize; \value handles \item{}{} directly checkRd: (-1) CLV.Rd:53: Lost braces in \itemize; \value handles \item{}{} directly checkRd: (-1) CLV.Rd:54: Lost braces in \itemize; \value handles \item{}{} directly checkRd: (-1) CLV.Rd:55-56: Lost braces in \itemize; \value handles \item{}{} directly checkRd: (-1) CLV.Rd:57: Lost braces in \itemize; \value handles \item{}{} directly checkRd: (-1) CLV.Rd:58: Lost braces in \itemize; \value handles \item{}{} directly checkRd: (-1) CLV.Rd:59-60: Lost braces in \itemize; \value handles \item{}{} directly checkRd: (-1) CLV.Rd:65: Lost braces in \itemize; \value handles \item{}{} directly checkRd: (-1) CLV.Rd:66: Lost braces in \itemize; \value handles \item{}{} directly checkRd: (-1) CLV.Rd:67: Lost braces in \itemize; \value handles \item{}{} directly checkRd: (-1) CLV3W.Rd:36: Lost braces in \itemize; \value handles \item{}{} directly checkRd: (-1) CLV3W.Rd:37: Lost braces in \itemize; \value handles \item{}{} directly checkRd: (-1) CLV3W.Rd:38: Lost braces in \itemize; \value handles \item{}{} directly checkRd: (-1) CLV3W.Rd:39: Lost braces in \itemize; \value handles \item{}{} directly checkRd: (-1) CLV3W.Rd:40: Lost braces in \itemize; \value handles \item{}{} directly checkRd: (-1) CLV3W.Rd:41: Lost braces in \itemize; \value handles \item{}{} directly checkRd: (-1) CLV3W.Rd:42: Lost braces in \itemize; \value handles \item{}{} directly checkRd: (-1) CLV3W.Rd:43-44: Lost braces in \itemize; \value handles \item{}{} directly checkRd: (-1) CLV3W.Rd:51: Lost braces in \itemize; \value handles \item{}{} directly checkRd: (-1) CLV3W.Rd:52: Lost braces in \itemize; \value handles \item{}{} directly checkRd: (-1) CLV3W.Rd:53: Lost braces in \itemize; \value handles \item{}{} directly checkRd: (-1) CLV3W.Rd:54: Lost braces in \itemize; \value handles \item{}{} directly checkRd: (-1) CLV3W.Rd:55: Lost braces in \itemize; \value handles \item{}{} directly checkRd: (-1) CLV3W.Rd:60: Lost braces in \itemize; \value handles \item{}{} directly checkRd: (-1) CLV3W.Rd:61: Lost braces in \itemize; \value handles \item{}{} directly checkRd: (-1) CLV3W_kmeans.Rd:31: Lost braces in \itemize; \value handles \item{}{} directly checkRd: (-1) CLV3W_kmeans.Rd:32: Lost braces in \itemize; \value handles \item{}{} directly checkRd: (-1) CLV3W_kmeans.Rd:33: Lost braces in \itemize; \value handles \item{}{} directly checkRd: (-1) CLV3W_kmeans.Rd:34: Lost braces in \itemize; \value handles \item{}{} directly checkRd: (-1) CLV3W_kmeans.Rd:35: Lost braces in \itemize; \value handles \item{}{} directly checkRd: (-1) CLV3W_kmeans.Rd:36: Lost braces in \itemize; \value handles \item{}{} directly checkRd: (-1) CLV3W_kmeans.Rd:41: Lost braces in \itemize; \value handles \item{}{} directly checkRd: (-1) LCLV.Rd:32: Lost braces in \itemize; \value handles \item{}{} directly checkRd: (-1) LCLV.Rd:33: Lost braces in \itemize; \value handles \item{}{} directly checkRd: (-1) LCLV.Rd:34: Lost braces in \itemize; \value handles \item{}{} directly checkRd: (-1) LCLV.Rd:35: Lost braces in \itemize; \value handles \item{}{} directly checkRd: (-1) LCLV.Rd:36: Lost braces in \itemize; \value handles \item{}{} directly checkRd: (-1) LCLV.Rd:37: Lost braces in \itemize; \value handles \item{}{} directly checkRd: (-1) LCLV.Rd:38: Lost braces in \itemize; \value handles \item{}{} directly checkRd: (-1) LCLV.Rd:39-40: Lost braces in \itemize; \value handles \item{}{} directly checkRd: (-1) LCLV.Rd:45: Lost braces in \itemize; \value handles \item{}{} directly checkRd: (-1) LCLV.Rd:46: Lost braces in \itemize; \value handles \item{}{} directly checkRd: (-1) LCLV.Rd:47: Lost braces in \itemize; \value handles \item{}{} directly checkRd: (-1) LCLV.Rd:48: Lost braces in \itemize; \value handles \item{}{} directly checkRd: (-1) LCLV.Rd:49: Lost braces in \itemize; \value handles \item{}{} directly Flavors: r-devel-linux-x86_64-debian-clang, r-devel-linux-x86_64-debian-gcc, r-devel-linux-x86_64-fedora-clang, r-devel-linux-x86_64-fedora-gcc, r-devel-windows-x86_64, r-patched-linux-x86_64, r-release-linux-x86_64, r-release-macos-arm64, r-release-macos-x86_64, r-release-windows-x86_64