CRAN Package Check Results for Package ClusterR

Last updated on 2020-05-26 06:48:03 CEST.

Flavor Version Tinstall Tcheck Ttotal Status Flags
r-devel-linux-x86_64-debian-clang 1.2.2 72.40 188.87 261.27 OK
r-devel-linux-x86_64-debian-gcc 1.2.2 60.71 161.01 221.72 OK
r-devel-linux-x86_64-fedora-clang 1.2.2 324.80 NOTE
r-devel-linux-x86_64-fedora-gcc 1.2.2 307.10 OK
r-devel-windows-ix86+x86_64 1.2.2 161.00 290.00 451.00 OK
r-patched-linux-x86_64 1.2.2 61.23 166.28 227.51 OK
r-patched-solaris-x86 1.2.2 476.60 WARN
r-release-linux-x86_64 1.2.2 62.76 166.40 229.16 OK
r-release-osx-x86_64 1.2.2 NOTE
r-release-windows-ix86+x86_64 1.2.2 141.00 295.00 436.00 OK
r-oldrel-osx-x86_64 1.2.2 NOTE
r-oldrel-windows-ix86+x86_64 1.2.2 111.00 229.00 340.00 OK

Check Details

Version: 1.2.2
Check: installed package size
Result: NOTE
     installed size is 9.0Mb
     sub-directories of 1Mb or more:
     libs 7.8Mb
Flavors: r-devel-linux-x86_64-fedora-clang, r-release-osx-x86_64, r-oldrel-osx-x86_64

Version: 1.2.2
Check: re-building of vignette outputs
Result: WARN
    Error(s) in re-building vignettes:
     ...
    --- re-building ‘the_clusterR_package.Rmd’ using rmarkdown
    Warning in engine$weave(file, quiet = quiet, encoding = enc) :
     Pandoc (>= 1.12.3) and/or pandoc-citeproc not available. Falling back to R Markdown v1.
    Quitting from lines 403-416 (the_clusterR_package.Rmd)
    Error: processing vignette 'the_clusterR_package.Rmd' failed with diagnostics:
    std::bad_alloc
    --- failed re-building ‘the_clusterR_package.Rmd’
    
    SUMMARY: processing the following file failed:
     ‘the_clusterR_package.Rmd’
    
    Error: Vignette re-building failed.
    Execution halted
Flavor: r-patched-solaris-x86