CRAN Package Check Results for Package ClusterR

Last updated on 2022-01-21 13:51:41 CET.

Flavor Version Tinstall Tcheck Ttotal Status Flags
r-devel-linux-x86_64-debian-clang 1.2.5 67.92 212.89 280.81 OK
r-devel-linux-x86_64-debian-gcc 1.2.5 56.58 149.96 206.54 OK
r-devel-linux-x86_64-fedora-clang 1.2.5 372.14 NOTE
r-devel-linux-x86_64-fedora-gcc 1.2.5 386.82 OK
r-devel-windows-x86_64-new-UL 1.2.5 102.00 283.00 385.00 OK
r-devel-windows-x86_64-new-TK 1.2.5 OK
r-patched-linux-x86_64 1.2.5 58.72 232.50 291.22 OK
r-release-linux-x86_64 1.2.5 60.80 231.45 292.25 OK
r-release-macos-arm64 1.2.5 NOTE
r-release-macos-x86_64 1.2.5 NOTE
r-release-windows-ix86+x86_64 1.2.5 152.00 289.00 441.00 OK
r-oldrel-macos-x86_64 1.2.5 NOTE
r-oldrel-windows-ix86+x86_64 1.2.5 152.00 285.00 437.00 OK

Check Details

Version: 1.2.5
Check: installed package size
Result: NOTE
     installed size is 7.7Mb
     sub-directories of 1Mb or more:
     libs 6.5Mb
Flavors: r-devel-linux-x86_64-fedora-clang, r-release-macos-arm64, r-release-macos-x86_64, r-oldrel-macos-x86_64