CRAN Package Check Results for Package ClusterR

Last updated on 2021-05-17 16:48:16 CEST.

Flavor Version Tinstall Tcheck Ttotal Status Flags
r-devel-linux-x86_64-debian-clang 1.2.4 71.79 208.05 279.84 OK
r-devel-linux-x86_64-debian-gcc 1.2.4 53.65 178.63 232.28 OK
r-devel-linux-x86_64-fedora-clang 1.2.4 344.26 NOTE
r-devel-linux-x86_64-fedora-gcc 1.2.4 376.70 OK
r-devel-windows-ix86+x86_64 1.2.4 162.00 288.00 450.00 OK
r-devel-windows-x86_64-gcc10-UCRT 1.2.4 OK
r-patched-linux-x86_64 1.2.4 62.81 226.72 289.53 OK
r-patched-solaris-x86 1.2.4 503.30 WARN
r-release-linux-x86_64 1.2.4 62.15 229.17 291.32 OK
r-release-macos-x86_64 1.2.4 NOTE
r-release-windows-ix86+x86_64 1.2.4 111.00 205.00 316.00 OK
r-oldrel-macos-x86_64 1.2.4 NOTE
r-oldrel-windows-ix86+x86_64 1.2.4 116.00 245.00 361.00 OK

Check Details

Version: 1.2.4
Check: installed package size
Result: NOTE
     installed size is 7.7Mb
     sub-directories of 1Mb or more:
     libs 6.5Mb
Flavors: r-devel-linux-x86_64-fedora-clang, r-release-macos-x86_64, r-oldrel-macos-x86_64

Version: 1.2.4
Check: re-building of vignette outputs
Result: WARN
    Error(s) in re-building vignettes:
     ...
    --- re-building ‘the_clusterR_package.Rmd’ using rmarkdown
    Warning in engine$weave(file, quiet = quiet, encoding = enc) :
     Pandoc (>= 1.12.3) not available. Falling back to R Markdown v1.
    Quitting from lines 403-416 (the_clusterR_package.Rmd)
    Error: processing vignette 'the_clusterR_package.Rmd' failed with diagnostics:
    std::bad_alloc
    --- failed re-building ‘the_clusterR_package.Rmd’
    
    SUMMARY: processing the following file failed:
     ‘the_clusterR_package.Rmd’
    
    Error: Vignette re-building failed.
    Execution halted
Flavor: r-patched-solaris-x86