CRAN Package Check Results for Package ClusterR

Last updated on 2019-10-19 14:46:15 CEST.

Flavor Version Tinstall Tcheck Ttotal Status Flags
r-devel-linux-x86_64-debian-clang 1.2.0 67.18 219.86 287.04 OK
r-devel-linux-x86_64-debian-gcc 1.2.0 57.20 161.43 218.63 OK
r-devel-linux-x86_64-fedora-clang 1.2.0 357.33 NOTE
r-devel-linux-x86_64-fedora-gcc 1.2.0 344.22 OK
r-devel-windows-ix86+x86_64 1.2.0 123.00 282.00 405.00 OK
r-patched-linux-x86_64 1.2.0 58.06 201.44 259.50 OK
r-patched-solaris-x86 1.2.0 532.10 WARN
r-release-linux-x86_64 1.2.0 55.13 198.32 253.45 OK
r-release-windows-ix86+x86_64 1.2.0 99.00 285.00 384.00 OK
r-release-osx-x86_64 1.2.0 NOTE
r-oldrel-windows-ix86+x86_64 1.2.0 101.00 259.00 360.00 WARN
r-oldrel-osx-x86_64 1.2.0 NOTE

Check Details

Version: 1.2.0
Check: installed package size
Result: NOTE
     installed size is 8.0Mb
     sub-directories of 1Mb or more:
     libs 6.8Mb
Flavors: r-devel-linux-x86_64-fedora-clang, r-release-osx-x86_64, r-oldrel-osx-x86_64

Version: 1.2.0
Check: re-building of vignette outputs
Result: WARN
    Error(s) in re-building vignettes:
     ...
    --- re-building ‘the_clusterR_package.Rmd’ using rmarkdown
    Warning in engine$weave(file, quiet = quiet, encoding = enc) :
     Pandoc (>= 1.12.3) and/or pandoc-citeproc not available. Falling back to R Markdown v1.
    Quitting from lines 404-417 (the_clusterR_package.Rmd)
    Error: processing vignette 'the_clusterR_package.Rmd' failed with diagnostics:
    std::bad_alloc
    --- failed re-building ‘the_clusterR_package.Rmd’
    
    SUMMARY: processing the following file failed:
     ‘the_clusterR_package.Rmd’
    
    Error: Vignette re-building failed.
    Execution halted
Flavor: r-patched-solaris-x86

Version: 1.2.0
Check: whether package can be installed
Result: WARN
    Found the following significant warnings:
     Warning: S3 methods '[.fun_list', '[.grouped_df', 'all.equal.tbl_df', 'anti_join.data.frame', 'anti_join.tbl_df', 'arrange.data.frame', 'arrange.default', 'arrange.grouped_df', 'arrange.tbl_df', 'arrange_.data.frame', 'arrange_.tbl_df', 'as.data.frame.grouped_df', 'as.data.frame.rowwise_df', 'as.data.frame.tbl_cube', 'as.table.tbl_cube', 'as.tbl.data.frame', 'as.tbl.tbl', 'as.tbl_cube.array', 'as.tbl_cube.data.frame', 'as.tbl_cube.matrix', 'as.tbl_cube.table', 'as_tibble.grouped_df', 'as_tibble.tbl_cube', 'auto_copy.tbl_cube', 'auto_copy.tbl_df', 'cbind.grouped_df', 'collapse.data.frame', 'collect.data.frame', 'common_by.NULL', 'common_by.character', 'common_by.default', 'common_by.list', 'compute.data.frame', 'copy_to.DBIConnection', 'copy_to.src_local', 'default_missing.data.frame', 'default_missing.default', 'dim.tbl_cube', 'distinct.data.frame', 'distinct.default', 'distinct.grouped_df', 'distinct.tbl_df', 'distinct_.data.frame', 'distinct_.grouped_df', 'distinct_.tbl_df', 'do.NULL', 'do.da [... truncated]
Flavor: r-oldrel-windows-ix86+x86_64