CRAN Package Check Results for Package ClusterR

Last updated on 2021-09-20 14:50:44 CEST.

Flavor Version Tinstall Tcheck Ttotal Status Flags
r-devel-linux-x86_64-debian-clang 1.2.5 72.60 211.72 284.32 OK
r-devel-linux-x86_64-debian-gcc 1.2.5 53.41 150.36 203.77 OK
r-devel-linux-x86_64-fedora-clang 1.2.5 348.37 NOTE
r-devel-linux-x86_64-fedora-gcc 1.2.5 380.69 OK
r-devel-windows-x86_64 1.2.5 65.00 179.00 244.00 OK
r-devel-windows-x86_64-gcc10-UCRT 1.2.5 ERROR
r-patched-linux-x86_64 1.2.5 64.56 228.03 292.59 OK
r-patched-solaris-x86 1.2.5 226.80 OK
r-release-linux-x86_64 1.2.5 63.30 222.02 285.32 OK
r-release-macos-arm64 1.2.5 NOTE
r-release-macos-x86_64 1.2.5 NOTE
r-release-windows-ix86+x86_64 1.2.5 153.00 289.00 442.00 OK
r-oldrel-macos-x86_64 1.2.5 NOTE
r-oldrel-windows-ix86+x86_64 1.2.5 156.00 286.00 442.00 OK

Check Details

Version: 1.2.5
Check: installed package size
Result: NOTE
     installed size is 7.7Mb
     sub-directories of 1Mb or more:
     libs 6.5Mb
Flavors: r-devel-linux-x86_64-fedora-clang, r-release-macos-arm64, r-release-macos-x86_64, r-oldrel-macos-x86_64

Version: 1.2.5
Check: whether package can be installed
Result: ERROR
    Installation failed.
Flavor: r-devel-windows-x86_64-gcc10-UCRT