Last updated on 2021-03-03 19:48:03 CET.
Flavor | Version | Tinstall | Tcheck | Ttotal | Status | Flags |
---|---|---|---|---|---|---|
r-devel-linux-x86_64-debian-clang | 0.7 | 83.14 | 66.45 | 149.59 | OK | |
r-devel-linux-x86_64-debian-gcc | 0.7 | 54.87 | 48.58 | 103.45 | OK | |
r-devel-linux-x86_64-fedora-clang | 0.7 | 207.84 | OK | |||
r-devel-linux-x86_64-fedora-gcc | 0.7 | 178.85 | OK | |||
r-devel-windows-ix86+x86_64 | 0.7 | 194.00 | 121.00 | 315.00 | OK | |
r-patched-linux-x86_64 | 0.7 | 61.76 | 60.99 | 122.75 | OK | |
r-patched-solaris-x86 | 0.7 | 176.20 | OK | |||
r-release-linux-x86_64 | 0.7 | 62.78 | 60.78 | 123.56 | OK | |
r-release-macos-x86_64 | 0.7 | OK | ||||
r-release-windows-ix86+x86_64 | 0.7 | 148.00 | 94.00 | 242.00 | OK | |
r-oldrel-macos-x86_64 | 0.7 | ERROR |
Version: 0.7
Check: whether package can be installed
Result: ERROR
Installation failed.
Flavor: r-oldrel-macos-x86_64