CRAN Package Check Results for Package CoNI

Last updated on 2022-01-22 17:49:16 CET.

Flavor Version Tinstall Tcheck Ttotal Status Flags
r-devel-linux-x86_64-debian-clang 0.1.0 31.52 312.31 343.83 OK
r-devel-linux-x86_64-debian-gcc 0.1.0 25.24 231.62 256.86 OK
r-devel-linux-x86_64-fedora-clang 0.1.0 417.17 OK
r-devel-linux-x86_64-fedora-gcc 0.1.0 396.25 OK
r-devel-windows-x86_64-new-UL 0.1.0 67.00 321.00 388.00 OK
r-devel-windows-x86_64-new-TK 0.1.0 WARN
r-patched-linux-x86_64 0.1.0 23.52 290.30 313.82 OK
r-release-linux-x86_64 0.1.0 21.53 298.46 319.99 OK
r-release-macos-arm64 0.1.0 OK
r-release-macos-x86_64 0.1.0 OK
r-release-windows-ix86+x86_64 0.1.0 68.00 331.00 399.00 OK
r-oldrel-macos-x86_64 0.1.0 ERROR
r-oldrel-windows-ix86+x86_64 0.1.0 58.00 290.00 348.00 OK

Check Details

Version: 0.1.0
Check: re-building of vignette outputs
Result: WARN
    Error(s) in re-building vignettes:
    --- re-building 'Full_RunCoNI.Rmd' using rmarkdown
    `geom_smooth()` using formula 'y ~ x'
    `geom_smooth()` using formula 'y ~ x'
    `geom_smooth()` using formula 'y ~ x'
    `geom_smooth()` using formula 'y ~ x'
    `geom_smooth()` using formula 'y ~ x'
    `geom_smooth()` using formula 'y ~ x'
    `geom_smooth()` using formula 'y ~ x'
    `geom_smooth()` using formula 'y ~ x'
    `geom_smooth()` using formula 'y ~ x'
    `geom_smooth()` using formula 'y ~ x'
    `geom_smooth()` using formula 'y ~ x'
    `geom_smooth()` using formula 'y ~ x'
    `geom_smooth()` using formula 'y ~ x'
    `geom_smooth()` using formula 'y ~ x'
    `geom_smooth()` using formula 'y ~ x'
    `geom_smooth()` using formula 'y ~ x'
    `geom_smooth()` using formula 'y ~ x'
    `geom_smooth()` using formula 'y ~ x'
    `geom_smooth()` using formula 'y ~ x'
    `geom_smooth()` using formula 'y ~ x'
    `geom_smooth()` using formula 'y ~ x'
    `geom_smooth()` using formula 'y ~ x'
    `geom_smooth()` using formula 'y ~ x'
    `geom_smooth()` using formula 'y ~ x'
    `geom_smooth()` using formula 'y ~ x'
    `geom_smooth()` using formula 'y ~ x'
    `geom_smooth()` using formula 'y ~ x'
    `geom_smooth()` using formula 'y ~ x'
    `geom_smooth()` using formula 'y ~ x'
    `geom_smooth()` using formula 'y ~ x'
    `geom_smooth()` using formula 'y ~ x'
    `geom_smooth()` using formula 'y ~ x'
    `geom_smooth()` using formula 'y ~ x'
    `geom_smooth()` using formula 'y ~ x'
    `geom_smooth()` using formula 'y ~ x'
    `geom_smooth()` using formula 'y ~ x'
    Quitting from lines 321-325 (Full_RunCoNI.Rmd)
    Error: processing vignette 'Full_RunCoNI.Rmd' failed with diagnostics:
    Make sure python3 is installed and in your path
    --- failed re-building 'Full_RunCoNI.Rmd'
    
    SUMMARY: processing the following file failed:
     'Full_RunCoNI.Rmd'
    
    Error: Vignette re-building failed.
    Execution halted
Flavor: r-devel-windows-x86_64-new-TK

Version: 0.1.0
Check: package dependencies
Result: ERROR
    Packages required and available but unsuitable versions:
     'genefilter', 'methods'
    
    See section ‘The DESCRIPTION file’ in the ‘Writing R Extensions’
    manual.
Flavor: r-oldrel-macos-x86_64