CRAN Package Check Results for Package CoOL

Last updated on 2021-10-27 13:54:02 CEST.

Flavor Version Tinstall Tcheck Ttotal Status Flags
r-devel-linux-x86_64-debian-clang 1.0.3 34.36 54.12 88.48 OK
r-devel-linux-x86_64-debian-gcc 1.0.3 24.38 40.62 65.00 OK
r-devel-linux-x86_64-fedora-clang 1.0.3 138.06 OK
r-devel-linux-x86_64-fedora-gcc 1.0.3 110.53 OK
r-devel-windows-x86_64 1.0.3 50.00 91.00 141.00 OK
r-devel-windows-x86_64-gcc10-UCRT 1.0.3 OK
r-patched-linux-x86_64 1.0.3 32.80 50.71 83.51 OK
r-patched-solaris-x86 1.0.3 135.30 OK
r-release-linux-x86_64 1.0.3 32.10 50.17 82.27 OK
r-release-macos-arm64 1.0.3 NOTE
r-release-macos-x86_64 1.0.3 NOTE
r-release-windows-ix86+x86_64 1.0.3 69.00 91.00 160.00 OK
r-oldrel-macos-x86_64 1.0.3 NOTE
r-oldrel-windows-ix86+x86_64 1.0.3 94.00 117.00 211.00 OK

Check Details

Version: 1.0.3
Check: package dependencies
Result: NOTE
    Package suggested but not available for checking: ‘ggtree’
Flavors: r-release-macos-arm64, r-release-macos-x86_64, r-oldrel-macos-x86_64