CRAN Package Check Results for Package CoinMinD

Last updated on 2020-10-27 13:49:18 CET.

Flavor Version Tinstall Tcheck Ttotal Status Flags
r-devel-linux-x86_64-debian-clang 1.1 8.09 73.73 81.82 NOTE
r-devel-linux-x86_64-debian-gcc 1.1 6.86 57.26 64.12 NOTE
r-devel-linux-x86_64-fedora-clang 1.1 109.47 NOTE
r-devel-linux-x86_64-fedora-gcc 1.1 110.75 NOTE
r-devel-windows-ix86+x86_64 1.1 20.00 96.00 116.00 NOTE
r-patched-linux-x86_64 1.1 NOTE
r-patched-solaris-x86 1.1 150.20 NOTE
r-release-linux-x86_64 1.1 8.21 68.15 76.36 NOTE
r-release-macos-x86_64 1.1 NOTE
r-release-windows-ix86+x86_64 1.1 14.00 68.00 82.00 NOTE
r-oldrel-macos-x86_64 1.1 NOTE
r-oldrel-windows-ix86+x86_64 1.1 18.00 88.00 106.00 NOTE

Check Details

Version: 1.1
Check: R code for possible problems
Result: NOTE
    BMDE: no visible global function definition for 'quantile'
    BMDU: no visible global function definition for 'runif'
    BMDU: no visible global function definition for 'quantile'
    FS: no visible global function definition for 'qnorm'
    GM: no visible global function definition for 'qchisq'
    QH: no visible global function definition for 'qchisq'
    SG : sgp: no visible global function definition for 'ppois'
    SG : sgp: no visible global function definition for 'dpois'
    WALD: no visible global function definition for 'qchisq'
    WALDCC: no visible global function definition for 'qchisq'
    WS: no visible global function definition for 'qchisq'
    Undefined global functions or variables:
     dpois ppois qchisq qnorm quantile runif
    Consider adding
     importFrom("stats", "dpois", "ppois", "qchisq", "qnorm", "quantile",
     "runif")
    to your NAMESPACE file.
Flavors: r-devel-linux-x86_64-debian-clang, r-devel-linux-x86_64-debian-gcc, r-devel-linux-x86_64-fedora-clang, r-devel-linux-x86_64-fedora-gcc, r-devel-windows-ix86+x86_64, r-patched-linux-x86_64, r-patched-solaris-x86, r-release-linux-x86_64, r-release-macos-x86_64, r-release-windows-ix86+x86_64, r-oldrel-macos-x86_64, r-oldrel-windows-ix86+x86_64