CRAN Package Check Results for Package ColorNameR

Last updated on 2024-07-20 04:48:28 CEST.

Flavor Version Tinstall Tcheck Ttotal Status Flags
r-devel-linux-x86_64-debian-clang 0.1.0 2.95 41.68 44.63 OK
r-devel-linux-x86_64-debian-gcc 0.1.0 2.24 30.40 32.64 OK
r-devel-linux-x86_64-fedora-clang 0.1.0 54.84 NOTE
r-devel-linux-x86_64-fedora-gcc 0.1.0 51.62 NOTE
r-devel-windows-x86_64 0.1.0 5.00 51.00 56.00 OK
r-patched-linux-x86_64 0.1.0 3.43 38.38 41.81 OK
r-release-linux-x86_64 0.1.0 2.86 39.65 42.51 OK
r-release-macos-arm64 0.1.0 21.00 OK
r-release-macos-x86_64 0.1.0 29.00 OK
r-release-windows-x86_64 0.1.0 5.00 51.00 56.00 OK
r-oldrel-macos-arm64 0.1.0 21.00 OK
r-oldrel-macos-x86_64 0.1.0 30.00 OK
r-oldrel-windows-x86_64 0.1.0 5.00 54.00 59.00 OK

Check Details

Version: 0.1.0
Check: data for non-ASCII characters
Result: NOTE Note: found 742 marked UTF-8 strings Flavors: r-devel-linux-x86_64-fedora-clang, r-devel-linux-x86_64-fedora-gcc