CRAN Package Check Results for Package ColorPalette

Last updated on 2021-04-13 15:47:36 CEST.

Flavor Version Tinstall Tcheck Ttotal Status Flags
r-devel-linux-x86_64-debian-clang 1.0-1 1.71 21.78 23.49 NOTE
r-devel-linux-x86_64-debian-gcc 1.0-1 1.55 17.45 19.00 NOTE
r-devel-linux-x86_64-fedora-clang 1.0-1 39.05 NOTE
r-devel-linux-x86_64-fedora-gcc 1.0-1 29.33 NOTE
r-devel-windows-ix86+x86_64 1.0-1 4.00 33.00 37.00 NOTE
r-devel-windows-x86_64-gcc10-UCRT 1.0-1 NOTE
r-patched-linux-x86_64 1.0-1 2.04 21.10 23.14 NOTE
r-patched-solaris-x86 1.0-1 47.30 NOTE
r-release-linux-x86_64 1.0-1 1.60 21.38 22.98 NOTE
r-release-macos-x86_64 1.0-1 NOTE
r-release-windows-ix86+x86_64 1.0-1 5.00 33.00 38.00 NOTE
r-oldrel-macos-x86_64 1.0-1 NOTE
r-oldrel-windows-ix86+x86_64 1.0-1 5.00 44.00 49.00 NOTE

Check Details

Version: 1.0-1
Check: R code for possible problems
Result: NOTE
    generateMonochromaticColors: no visible global function definition for
     'col2rgb'
    generateMonochromaticColors: no visible global function definition for
     'rgb'
    generateMonochromaticColors: no visible global function definition for
     'tail'
    hsv2rgb: no visible global function definition for 'rgb'
    rotational_dispersion: no visible global function definition for
     'col2rgb'
    rotational_dispersion: no visible global function definition for
     'rgb2hsv'
    tetradicColors: no visible global function definition for 'head'
    triadicColors: no visible global function definition for 'head'
    Undefined global functions or variables:
     col2rgb head rgb rgb2hsv tail
    Consider adding
     importFrom("grDevices", "col2rgb", "rgb", "rgb2hsv")
     importFrom("utils", "head", "tail")
    to your NAMESPACE file.
Flavors: r-devel-linux-x86_64-debian-clang, r-devel-linux-x86_64-debian-gcc, r-devel-linux-x86_64-fedora-clang, r-devel-linux-x86_64-fedora-gcc, r-devel-windows-ix86+x86_64, r-devel-windows-x86_64-gcc10-UCRT, r-patched-linux-x86_64, r-patched-solaris-x86, r-release-linux-x86_64, r-release-macos-x86_64, r-release-windows-ix86+x86_64, r-oldrel-macos-x86_64, r-oldrel-windows-ix86+x86_64

Version: 1.0-1
Check: LazyData
Result: NOTE
     'LazyData' is specified without a 'data' directory
Flavors: r-devel-linux-x86_64-debian-clang, r-devel-linux-x86_64-debian-gcc, r-devel-linux-x86_64-fedora-clang, r-devel-linux-x86_64-fedora-gcc, r-devel-windows-ix86+x86_64, r-devel-windows-x86_64-gcc10-UCRT