CRAN Package Check Results for Package CombinS

Last updated on 2023-06-02 09:57:21 CEST.

Flavor Version Tinstall Tcheck Ttotal Status Flags
r-devel-linux-x86_64-debian-clang 1.1-1 2.13 24.89 27.02 NOTE
r-devel-linux-x86_64-debian-gcc 1.1-1 2.10 19.69 21.79 NOTE
r-devel-linux-x86_64-fedora-clang 1.1-1 35.20 NOTE
r-devel-linux-x86_64-fedora-gcc 1.1-1 33.47 NOTE
r-devel-windows-x86_64 1.1-1 3.00 47.00 50.00 NOTE
r-patched-linux-x86_64 1.1-1 NOTE
r-release-linux-x86_64 1.1-1 2.60 24.58 27.18 NOTE
r-release-macos-arm64 1.1-1 16.00 NOTE
r-release-macos-x86_64 1.1-1 23.00 NOTE
r-release-windows-x86_64 1.1-1 3.00 54.00 57.00 NOTE
r-oldrel-macos-arm64 1.1-1 15.00 NOTE
r-oldrel-macos-x86_64 1.1-1 21.00 NOTE
r-oldrel-windows-x86_64 1.1-1 7.00 55.00 62.00 NOTE

Check Details

Version: 1.1-1
Check: LazyData
Result: NOTE
     'LazyData' is specified without a 'data' directory
Flavors: r-devel-linux-x86_64-debian-clang, r-devel-linux-x86_64-debian-gcc, r-devel-linux-x86_64-fedora-clang, r-devel-linux-x86_64-fedora-gcc, r-devel-windows-x86_64, r-patched-linux-x86_64, r-release-linux-x86_64, r-release-macos-arm64, r-release-macos-x86_64, r-release-windows-x86_64, r-oldrel-macos-arm64, r-oldrel-macos-x86_64, r-oldrel-windows-x86_64