Last updated on 2022-06-27 21:51:16 CEST.
Flavor | Version | Tinstall | Tcheck | Ttotal | Status | Flags |
---|---|---|---|---|---|---|
r-devel-linux-x86_64-debian-clang | 0.2.0 | 5.15 | 41.27 | 46.42 | WARN | |
r-devel-linux-x86_64-debian-gcc | 0.2.0 | 4.12 | 33.21 | 37.33 | NOTE | |
r-devel-linux-x86_64-fedora-clang | 0.2.0 | 73.53 | WARN | |||
r-devel-linux-x86_64-fedora-gcc | 0.2.0 | 73.52 | NOTE | |||
r-devel-windows-x86_64 | 0.2.0 | 44.00 | 119.00 | 163.00 | NOTE | |
r-patched-linux-x86_64 | 0.2.0 | 4.47 | 41.50 | 45.97 | NOTE | |
r-release-linux-x86_64 | 0.2.0 | 4.47 | 41.13 | 45.60 | NOTE | |
r-release-macos-arm64 | 0.2.0 | 30.00 | NOTE | |||
r-release-macos-x86_64 | 0.2.0 | 36.00 | NOTE | |||
r-release-windows-x86_64 | 0.2.0 | 35.00 | 118.00 | 153.00 | NOTE | |
r-oldrel-macos-arm64 | 0.2.0 | 40.00 | NOTE | |||
r-oldrel-macos-x86_64 | 0.2.0 | 57.00 | NOTE | |||
r-oldrel-windows-ix86+x86_64 | 0.2.0 | 20.00 | 93.00 | 113.00 | NOTE |
Version: 0.2.0
Check: whether package can be installed
Result: WARN
Found the following significant warnings:
sprinkler.c:6:14037: warning: use of bitwise '&' with boolean operands [-Wbitwise-instead-of-logical]
Flavors: r-devel-linux-x86_64-debian-clang, r-devel-linux-x86_64-fedora-clang
Version: 0.2.0
Check: LazyData
Result: NOTE
'LazyData' is specified without a 'data' directory
Flavors: r-devel-linux-x86_64-debian-clang, r-devel-linux-x86_64-debian-gcc, r-devel-linux-x86_64-fedora-clang, r-devel-linux-x86_64-fedora-gcc, r-devel-windows-x86_64, r-patched-linux-x86_64, r-release-linux-x86_64, r-release-macos-arm64, r-release-macos-x86_64, r-release-windows-x86_64, r-oldrel-macos-arm64, r-oldrel-macos-x86_64, r-oldrel-windows-ix86+x86_64