Last updated on 2023-12-08 01:52:21 CET.
Flavor | Version | Tinstall | Tcheck | Ttotal | Status | Flags |
---|---|---|---|---|---|---|
r-devel-linux-x86_64-debian-clang | 0.2.6.2 | 12.31 | 123.53 | 135.84 | NOTE | |
r-devel-linux-x86_64-debian-gcc | 0.2.6.2 | 9.23 | 94.28 | 103.51 | NOTE | |
r-devel-linux-x86_64-fedora-clang | 0.2.6.2 | 170.63 | NOTE | |||
r-devel-linux-x86_64-fedora-gcc | 0.2.6.2 | 163.22 | NOTE | |||
r-devel-windows-x86_64 | 0.2.6.2 | 10.00 | 100.00 | 110.00 | NOTE | |
r-patched-linux-x86_64 | 0.2.6.2 | 12.02 | 121.39 | 133.41 | NOTE | |
r-release-linux-x86_64 | 0.2.6.2 | 10.17 | 119.34 | 129.51 | NOTE | |
r-release-macos-arm64 | 0.2.6.2 | 51.00 | NOTE | |||
r-release-macos-x86_64 | 0.2.6.2 | 66.00 | NOTE | |||
r-release-windows-x86_64 | 0.2.6.2 | 12.00 | 125.00 | 137.00 | NOTE | |
r-oldrel-macos-arm64 | 0.2.6.2 | 50.00 | NOTE | |||
r-oldrel-macos-x86_64 | 0.2.6.2 | 63.00 | NOTE | |||
r-oldrel-windows-x86_64 | 0.2.6.2 | 13.00 | 131.00 | 144.00 | NOTE |
Version: 0.2.6.2
Check: package dependencies
Result: NOTE
Package suggested but not available for checking: ‘CAM’
Flavors: r-devel-linux-x86_64-debian-clang, r-devel-linux-x86_64-debian-gcc, r-devel-linux-x86_64-fedora-clang, r-devel-linux-x86_64-fedora-gcc, r-devel-windows-x86_64, r-patched-linux-x86_64, r-release-linux-x86_64, r-release-macos-arm64, r-release-windows-x86_64, r-oldrel-macos-arm64, r-oldrel-macos-x86_64, r-oldrel-windows-x86_64
Version: 0.2.6.2
Check: package dependencies
Result: NOTE
Packages suggested but not available for checking:
'pcalg', 'InvariantCausalPrediction', 'backShift', 'CAM', 'mboost',
'huge', 'flare'
Flavor: r-release-macos-x86_64