CRAN Package Check Results for Package ComparisonSurv

Last updated on 2020-04-06 00:49:19 CEST.

Flavor Version Tinstall Tcheck Ttotal Status Flags
r-devel-linux-x86_64-debian-clang 1.0.8 8.62 69.80 78.42 OK
r-devel-linux-x86_64-debian-gcc 1.0.8 0.29 1.81 2.10 ERROR
r-devel-linux-x86_64-fedora-clang 1.0.8 92.48 OK
r-devel-linux-x86_64-fedora-gcc 1.0.8 97.74 OK
r-devel-windows-ix86+x86_64 1.0.8 18.00 70.00 88.00 OK
r-devel-windows-ix86+x86_64-gcc8 1.0.8 15.00 77.00 92.00 OK
r-patched-linux-x86_64 1.0.8 8.16 69.17 77.33 OK
r-patched-solaris-x86 1.0.8 139.10 OK
r-release-linux-x86_64 1.0.8 6.73 61.00 67.73 OK
r-release-windows-ix86+x86_64 1.0.8 13.00 110.00 123.00 OK
r-release-osx-x86_64 1.0.8 OK
r-oldrel-windows-ix86+x86_64 1.0.8 12.00 77.00 89.00 OK
r-oldrel-osx-x86_64 1.0.8 OK

Check Details

Version: 1.0.8
Check: whether package can be installed
Result: ERROR
    Installation failed.
Flavor: r-devel-linux-x86_64-debian-gcc