CRAN Package Check Results for Package ConConPiWiFun

Last updated on 2024-05-26 07:10:19 CEST.

Flavor Version Tinstall Tcheck Ttotal Status Flags
r-devel-linux-x86_64-debian-clang 0.4.6.1 32.43 52.63 85.06 OK
r-devel-linux-x86_64-debian-gcc 0.4.6.1 24.12 38.12 62.24 OK
r-devel-linux-x86_64-fedora-clang 0.4.6.1 103.94 NOTE
r-devel-linux-x86_64-fedora-gcc 0.4.6.1 116.29 NOTE
r-devel-windows-x86_64 0.4.6.1 27.00 82.00 109.00 OK
r-patched-linux-x86_64 0.4.6.1 30.06 50.11 80.17 OK
r-release-linux-x86_64 0.4.6.1 36.23 49.23 85.46 OK
r-release-macos-arm64 0.4.6.1 29.00 NOTE
r-release-windows-x86_64 0.4.6.1 25.00 86.00 111.00 OK
r-oldrel-macos-arm64 0.4.6.1 35.00 NOTE
r-oldrel-macos-x86_64 0.4.6.1 54.00 NOTE
r-oldrel-windows-x86_64 0.4.6.1 25.00 91.00 116.00 OK

Check Details

Version: 0.4.6.1
Check: compiled code
Result: NOTE File ‘ConConPiWiFun/libs/ConConPiWiFun.so’: Found no calls to: ‘R_registerRoutines’, ‘R_useDynamicSymbols’ It is good practice to register native routines and to disable symbol search. See ‘Writing portable packages’ in the ‘Writing R Extensions’ manual. Flavors: r-devel-linux-x86_64-fedora-clang, r-devel-linux-x86_64-fedora-gcc

Version: 0.4.6.1
Check: installed package size
Result: NOTE installed size is 5.6Mb sub-directories of 1Mb or more: libs 5.4Mb Flavors: r-release-macos-arm64, r-oldrel-macos-arm64, r-oldrel-macos-x86_64