CRAN Package Check Results for Package ConConPiWiFun

Last updated on 2020-01-25 16:47:33 CET.

Flavor Version Tinstall Tcheck Ttotal Status Flags
r-devel-linux-x86_64-debian-clang 0.4.6 27.85 46.18 74.03 NOTE
r-devel-linux-x86_64-debian-gcc 0.4.6 23.86 35.09 58.95 NOTE
r-devel-linux-x86_64-fedora-clang 0.4.6 97.95 NOTE
r-devel-linux-x86_64-fedora-gcc 0.4.6 99.03 NOTE
r-devel-windows-ix86+x86_64 0.4.6 73.00 109.00 182.00 NOTE
r-devel-windows-ix86+x86_64-gcc8 0.4.6 73.00 87.00 160.00 NOTE
r-patched-linux-x86_64 0.4.6 26.20 38.93 65.13 NOTE
r-patched-solaris-x86 0.4.6 107.60 NOTE
r-release-linux-x86_64 0.4.6 24.94 40.10 65.04 NOTE
r-release-windows-ix86+x86_64 0.4.6 75.00 100.00 175.00 NOTE
r-release-osx-x86_64 0.4.6 NOTE
r-oldrel-windows-ix86+x86_64 0.4.6 51.00 70.00 121.00 OK
r-oldrel-osx-x86_64 0.4.6 NOTE

Check Details

Version: 0.4.6
Check: line endings in C/C++/Fortran sources/headers
Result: NOTE
    Found the following sources/headers with CR or CRLF line endings:
     inst/include/ConConPiWiFun.h
     inst/include/convex_function_manip.hpp
     inst/include/convex_functions_tools.hpp
     inst/include/cplfunction.hpp
     inst/include/cplfunctionvec.hpp
     inst/include/cpqfunction.hpp
     inst/include/cpqfunctionvec.hpp
    Some Unix compilers require LF line endings.
Flavors: r-devel-linux-x86_64-debian-clang, r-devel-linux-x86_64-debian-gcc, r-devel-linux-x86_64-fedora-clang, r-devel-linux-x86_64-fedora-gcc, r-devel-windows-ix86+x86_64, r-devel-windows-ix86+x86_64-gcc8, r-patched-linux-x86_64, r-patched-solaris-x86, r-release-linux-x86_64, r-release-windows-ix86+x86_64, r-release-osx-x86_64

Version: 0.4.6
Check: installed package size
Result: NOTE
     installed size is 5.4Mb
     sub-directories of 1Mb or more:
     libs 5.2Mb
Flavors: r-devel-linux-x86_64-fedora-clang, r-release-osx-x86_64, r-oldrel-osx-x86_64

Version: 0.4.6
Check: compiled code
Result: NOTE
    File ‘ConConPiWiFun/libs/ConConPiWiFun.so’:
     Found no calls to: ‘R_registerRoutines’, ‘R_useDynamicSymbols’
    
    It is good practice to register native routines and to disable symbol
    search.
    
    See ‘Writing portable packages’ in the ‘Writing R Extensions’ manual.
Flavors: r-devel-linux-x86_64-fedora-clang, r-devel-linux-x86_64-fedora-gcc