CRAN Package Check Results for Package ConR

Last updated on 2021-06-13 09:49:12 CEST.

Flavor Version Tinstall Tcheck Ttotal Status Flags
r-devel-linux-x86_64-debian-clang 1.3.0 19.52 159.33 178.85 OK
r-devel-linux-x86_64-debian-gcc 1.3.0 15.42 121.97 137.39 OK
r-devel-linux-x86_64-fedora-clang 1.3.0 221.44 OK
r-devel-linux-x86_64-fedora-gcc 1.3.0 206.18 OK
r-devel-windows-x86_64 1.3.0 29.00 175.00 204.00 OK
r-devel-windows-x86_64-gcc10-UCRT 1.3.0 ERROR
r-patched-linux-x86_64 1.3.0 18.08 151.04 169.12 OK
r-patched-solaris-x86 1.3.0 289.70 OK
r-release-linux-x86_64 1.3.0 16.53 149.85 166.38 OK
r-release-macos-arm64 1.3.0 OK
r-release-macos-x86_64 1.3.0 OK
r-release-windows-ix86+x86_64 1.3.0 39.00 176.00 215.00 OK
r-oldrel-macos-x86_64 1.3.0 OK
r-oldrel-windows-ix86+x86_64 1.3.0 40.00 188.00 228.00 OK

Check Details

Version: 1.3.0
Check: package dependencies
Result: ERROR
    Packages required but not available: 'rnaturalearth', 'sf'
    
    See section 'The DESCRIPTION file' in the 'Writing R Extensions'
    manual.
Flavor: r-devel-windows-x86_64-gcc10-UCRT