Last updated on 2021-04-13 14:47:26 CEST.
Flavor | Version | Tinstall | Tcheck | Ttotal | Status | Flags |
---|---|---|---|---|---|---|
r-devel-linux-x86_64-debian-clang | 1.0 | 2.08 | 21.05 | 23.13 | NOTE | |
r-devel-linux-x86_64-debian-gcc | 1.0 | 1.56 | 16.71 | 18.27 | NOTE | |
r-devel-linux-x86_64-fedora-clang | 1.0 | 37.99 | NOTE | |||
r-devel-linux-x86_64-fedora-gcc | 1.0 | 28.63 | NOTE | |||
r-devel-windows-ix86+x86_64 | 1.0 | 4.00 | 31.00 | 35.00 | NOTE | |
r-devel-windows-x86_64-gcc10-UCRT | 1.0 | NOTE | ||||
r-patched-linux-x86_64 | 1.0 | 2.08 | 20.50 | 22.58 | NOTE | |
r-patched-solaris-x86 | 1.0 | 42.30 | NOTE | |||
r-release-linux-x86_64 | 1.0 | 1.60 | 20.54 | 22.14 | NOTE | |
r-release-macos-x86_64 | 1.0 | NOTE | ||||
r-release-windows-ix86+x86_64 | 1.0 | 4.00 | 31.00 | 35.00 | NOTE | |
r-oldrel-macos-x86_64 | 1.0 | NOTE | ||||
r-oldrel-windows-ix86+x86_64 | 1.0 | 6.00 | 39.00 | 45.00 | NOTE |
Version: 1.0
Check: R code for possible problems
Result: NOTE
kef: no visible global function definition for 'dgamma'
kef: no visible global function definition for 'dlnorm'
simp_int: no visible global function definition for 'approx'
Undefined global functions or variables:
approx dgamma dlnorm
Consider adding
importFrom("stats", "approx", "dgamma", "dlnorm")
to your NAMESPACE file.
Flavors: r-devel-linux-x86_64-debian-clang, r-devel-linux-x86_64-debian-gcc, r-devel-linux-x86_64-fedora-clang, r-devel-linux-x86_64-fedora-gcc, r-devel-windows-ix86+x86_64, r-devel-windows-x86_64-gcc10-UCRT, r-patched-linux-x86_64, r-patched-solaris-x86, r-release-linux-x86_64, r-release-macos-x86_64, r-release-windows-ix86+x86_64, r-oldrel-macos-x86_64, r-oldrel-windows-ix86+x86_64