CRAN Package Check Results for Package CondReg

Last updated on 2021-04-13 15:47:36 CEST.

Flavor Version Tinstall Tcheck Ttotal Status Flags
r-devel-linux-x86_64-debian-clang 0.20 2.32 23.11 25.43 NOTE
r-devel-linux-x86_64-debian-gcc 0.20 1.69 18.32 20.01 NOTE
r-devel-linux-x86_64-fedora-clang 0.20 40.65 NOTE
r-devel-linux-x86_64-fedora-gcc 0.20 30.90 NOTE
r-devel-windows-ix86+x86_64 0.20 4.00 33.00 37.00 NOTE
r-devel-windows-x86_64-gcc10-UCRT 0.20 NOTE
r-patched-linux-x86_64 0.20 2.02 22.08 24.10 NOTE
r-patched-solaris-x86 0.20 47.00 NOTE
r-release-linux-x86_64 0.20 2.11 22.10 24.21 NOTE
r-release-macos-x86_64 0.20 NOTE
r-release-windows-ix86+x86_64 0.20 4.00 34.00 38.00 NOTE
r-oldrel-macos-x86_64 0.20 NOTE
r-oldrel-windows-ix86+x86_64 0.20 6.00 42.00 48.00 NOTE

Check Details

Version: 0.20
Check: DESCRIPTION meta-information
Result: NOTE
    Malformed Description field: should contain one or more complete sentences.
Flavors: r-devel-linux-x86_64-debian-clang, r-devel-linux-x86_64-debian-gcc, r-devel-linux-x86_64-fedora-clang, r-devel-linux-x86_64-fedora-gcc, r-devel-windows-ix86+x86_64, r-devel-windows-x86_64-gcc10-UCRT, r-patched-linux-x86_64, r-patched-solaris-x86, r-release-linux-x86_64, r-release-macos-x86_64, r-release-windows-ix86+x86_64, r-oldrel-macos-x86_64, r-oldrel-windows-ix86+x86_64

Version: 0.20
Check: R code for possible problems
Result: NOTE
    ml_solver: no visible global function definition for 'approx'
    select_kmax: no visible global function definition for 'median'
    Undefined global functions or variables:
     approx median
    Consider adding
     importFrom("stats", "approx", "median")
    to your NAMESPACE file.
Flavors: r-devel-linux-x86_64-debian-clang, r-devel-linux-x86_64-debian-gcc, r-devel-linux-x86_64-fedora-clang, r-devel-linux-x86_64-fedora-gcc, r-devel-windows-ix86+x86_64, r-devel-windows-x86_64-gcc10-UCRT, r-patched-linux-x86_64, r-patched-solaris-x86, r-release-linux-x86_64, r-release-macos-x86_64, r-release-windows-ix86+x86_64, r-oldrel-macos-x86_64, r-oldrel-windows-ix86+x86_64