CRAN Package Check Results for Package CondiS

Last updated on 2023-05-29 07:54:08 CEST.

Flavor Version Tinstall Tcheck Ttotal Status Flags
r-devel-linux-x86_64-debian-clang 0.1.2 14.87 173.01 187.88 OK
r-devel-linux-x86_64-debian-gcc 0.1.2 11.50 128.92 140.42 OK
r-devel-linux-x86_64-fedora-clang 0.1.2 230.87 NOTE
r-devel-linux-x86_64-fedora-gcc 0.1.2 232.63 NOTE
r-devel-windows-x86_64 0.1.2 14.00 141.00 155.00 OK
r-patched-linux-x86_64 0.1.2 14.31 161.16 175.47 OK
r-release-linux-x86_64 0.1.2 13.45 163.47 176.92 OK
r-release-macos-arm64 0.1.2 69.00 OK
r-release-macos-x86_64 0.1.2 122.00 OK
r-release-windows-x86_64 0.1.2 19.00 169.00 188.00 OK
r-oldrel-macos-arm64 0.1.2 57.00 NOTE
r-oldrel-macos-x86_64 0.1.2 99.00 NOTE
r-oldrel-windows-x86_64 0.1.2 20.00 170.00 190.00 OK

Check Details

Version: 0.1.2
Check: dependencies in R code
Result: NOTE
    Namespaces in Imports field not imported from:
     ‘kernlab’ ‘purrr’ ‘survminer’ ‘tidyverse’
     All declared Imports should be used.
Flavors: r-devel-linux-x86_64-fedora-clang, r-devel-linux-x86_64-fedora-gcc, r-oldrel-macos-arm64, r-oldrel-macos-x86_64