CRAN Package Check Results for Package CondiS

Last updated on 2022-06-28 19:54:56 CEST.

Flavor Version Tinstall Tcheck Ttotal Status Flags
r-devel-linux-x86_64-debian-clang 0.1.2 16.98 176.86 193.84 OK
r-devel-linux-x86_64-debian-gcc 0.1.2 13.28 131.43 144.71 OK
r-devel-linux-x86_64-fedora-clang 0.1.2 236.14 NOTE
r-devel-linux-x86_64-fedora-gcc 0.1.2 245.76 NOTE
r-devel-windows-x86_64 0.1.2 21.00 191.00 212.00 OK
r-patched-linux-x86_64 0.1.2 13.68 165.43 179.11 OK
r-release-linux-x86_64 0.1.2 13.55 166.12 179.67 OK
r-release-macos-arm64 0.1.2 57.00 NOTE
r-release-macos-x86_64 0.1.2 99.00 NOTE
r-release-windows-x86_64 0.1.2 22.00 193.00 215.00 OK
r-oldrel-macos-arm64 0.1.2 43.00 NOTE
r-oldrel-macos-x86_64 0.1.2 85.00 NOTE
r-oldrel-windows-ix86+x86_64 0.1.2 38.00 194.00 232.00 OK

Check Details

Version: 0.1.2
Check: dependencies in R code
Result: NOTE
    Namespaces in Imports field not imported from:
     ‘kernlab’ ‘purrr’ ‘survminer’ ‘tidyverse’
     All declared Imports should be used.
Flavors: r-devel-linux-x86_64-fedora-clang, r-devel-linux-x86_64-fedora-gcc, r-release-macos-arm64, r-release-macos-x86_64, r-oldrel-macos-arm64, r-oldrel-macos-x86_64