CRAN Package Check Results for Package ConfigParser

Last updated on 2025-01-15 10:50:18 CET.

Flavor Version Tinstall Tcheck Ttotal Status Flags
r-devel-linux-x86_64-debian-clang 1.0.0 2.53 17.21 19.74 OK
r-devel-linux-x86_64-debian-gcc 1.0.0 1.86 14.64 16.50 OK
r-devel-linux-x86_64-fedora-clang 1.0.0 33.06 OK
r-devel-linux-x86_64-fedora-gcc 1.0.0 30.37 OK
r-devel-windows-x86_64 1.0.0 4.00 41.00 45.00 OK
r-patched-linux-x86_64 1.0.0 2.48 16.64 19.12 NOTE
r-release-linux-x86_64 1.0.0 2.23 16.72 18.95 NOTE
r-release-macos-arm64 1.0.0 14.00 NOTE
r-release-macos-x86_64 1.0.0 22.00 NOTE
r-release-windows-x86_64 1.0.0 4.00 40.00 44.00 NOTE
r-oldrel-macos-arm64 1.0.0 15.00 NOTE
r-oldrel-macos-x86_64 1.0.0 19.00 NOTE
r-oldrel-windows-x86_64 1.0.0 5.00 43.00 48.00 NOTE

Check Details

Version: 1.0.0
Check: LazyData
Result: NOTE 'LazyData' is specified without a 'data' directory Flavors: r-patched-linux-x86_64, r-release-linux-x86_64, r-release-macos-arm64, r-release-macos-x86_64, r-release-windows-x86_64, r-oldrel-macos-arm64, r-oldrel-macos-x86_64, r-oldrel-windows-x86_64