Last updated on 2023-09-30 13:51:42 CEST.
Flavor | Version | Tinstall | Tcheck | Ttotal | Status | Flags |
---|---|---|---|---|---|---|
r-devel-linux-x86_64-debian-clang | 1.0 | 4.42 | 98.35 | 102.77 | OK | |
r-devel-linux-x86_64-debian-gcc | 1.0 | 2.24 | 72.44 | 74.68 | OK | |
r-devel-linux-x86_64-fedora-clang | 1.0 | 122.80 | NOTE | |||
r-devel-linux-x86_64-fedora-gcc | 1.0 | 131.59 | NOTE | |||
r-devel-windows-x86_64 | 1.0 | 4.00 | 91.00 | 95.00 | OK | |
r-patched-linux-x86_64 | 1.0 | 4.20 | 94.20 | 98.40 | OK | |
r-release-linux-x86_64 | 1.0 | 4.37 | 93.22 | 97.59 | OK | |
r-release-macos-arm64 | 1.0 | 47.00 | OK | |||
r-release-macos-x86_64 | 1.0 | 68.00 | OK | |||
r-release-windows-x86_64 | 1.0 | 6.00 | 109.00 | 115.00 | OK | |
r-oldrel-macos-arm64 | 1.0 | 41.00 | OK | |||
r-oldrel-macos-x86_64 | 1.0 | 53.00 | NOTE | |||
r-oldrel-windows-x86_64 | 1.0 | 6.00 | 110.00 | 116.00 | OK |
Version: 1.0
Check: dependencies in R code
Result: NOTE
Namespace in Imports field not imported from: ‘mvtnorm’
All declared Imports should be used.
Flavors: r-devel-linux-x86_64-fedora-clang, r-devel-linux-x86_64-fedora-gcc, r-oldrel-macos-x86_64