CRAN Package Check Results for Package ConformalSmallest

Last updated on 2021-10-24 22:50:16 CEST.

Flavor Version Tinstall Tcheck Ttotal Status Flags
r-devel-linux-x86_64-debian-clang 1.0 3.36 95.93 99.29 OK
r-devel-linux-x86_64-debian-gcc 1.0 3.33 68.22 71.55 OK
r-devel-linux-x86_64-fedora-clang 1.0 122.55 NOTE
r-devel-linux-x86_64-fedora-gcc 1.0 113.55 NOTE
r-devel-windows-x86_64 1.0 8.00 125.00 133.00 OK
r-devel-windows-x86_64-gcc10-UCRT 1.0 NOTE
r-patched-linux-x86_64 1.0 4.30 89.97 94.27 OK
r-patched-solaris-x86 1.0 148.40 NOTE
r-release-linux-x86_64 1.0 3.52 91.38 94.90 OK
r-release-macos-arm64 1.0 NOTE
r-release-macos-x86_64 1.0 NOTE
r-release-windows-ix86+x86_64 1.0 6.00 124.00 130.00 OK
r-oldrel-macos-x86_64 1.0 NOTE
r-oldrel-windows-ix86+x86_64 1.0 8.00 128.00 136.00 OK

Check Details

Version: 1.0
Check: dependencies in R code
Result: NOTE
    Namespace in Imports field not imported from: ‘mvtnorm’
     All declared Imports should be used.
Flavors: r-devel-linux-x86_64-fedora-clang, r-devel-linux-x86_64-fedora-gcc, r-devel-windows-x86_64-gcc10-UCRT, r-patched-solaris-x86, r-release-macos-arm64, r-release-macos-x86_64, r-oldrel-macos-x86_64