Last updated on 2023-11-30 15:48:11 CET.
Flavor | Version | Tinstall | Tcheck | Ttotal | Status | Flags |
---|---|---|---|---|---|---|
r-devel-linux-x86_64-debian-clang | 1.0.2 | 5.97 | 280.36 | 286.33 | NOTE | |
r-devel-linux-x86_64-debian-gcc | 1.0.2 | 6.09 | 216.89 | 222.98 | NOTE | |
r-devel-linux-x86_64-fedora-clang | 1.0.2 | 407.22 | OK | |||
r-devel-linux-x86_64-fedora-gcc | 1.0.2 | 414.76 | OK | |||
r-devel-windows-x86_64 | 1.0.2 | 9.00 | 949.00 | 958.00 | OK | |
r-patched-linux-x86_64 | 1.0.2 | 7.86 | 279.47 | 287.33 | OK | |
r-release-linux-x86_64 | 1.0.2 | 7.89 | 271.74 | 279.63 | OK | |
r-release-macos-arm64 | 1.0.2 | 142.00 | OK | |||
r-release-macos-x86_64 | 1.0.2 | 187.00 | OK | |||
r-release-windows-x86_64 | 1.0.2 | 12.00 | 177.00 | 189.00 | OK | |
r-oldrel-macos-arm64 | 1.0.2 | 165.00 | OK | |||
r-oldrel-macos-x86_64 | 1.0.2 | 114.00 | OK | |||
r-oldrel-windows-x86_64 | 1.0.2 | 12.00 | 184.00 | 196.00 | OK |
Version: 1.0.2
Check: Rd files
Result: NOTE
checkRd: (-1) clResults.Rd:58: Lost braces in \itemize; meant \describe ?
checkRd: (-1) clResults.Rd:59: Lost braces in \itemize; meant \describe ?
checkRd: (-1) clResults.Rd:60-61: Lost braces in \itemize; meant \describe ?
checkRd: (-1) clResults.Rd:62-63: Lost braces in \itemize; meant \describe ?
Flavors: r-devel-linux-x86_64-debian-clang, r-devel-linux-x86_64-debian-gcc