Last updated on 2023-02-08 04:51:54 CET.
Flavor | Version | Tinstall | Tcheck | Ttotal | Status | Flags |
---|---|---|---|---|---|---|
r-devel-linux-x86_64-debian-clang | 1.3.7 | 24.17 | 142.24 | 166.41 | WARN | |
r-devel-linux-x86_64-debian-gcc | 1.3.7 | 18.92 | 102.53 | 121.45 | WARN | |
r-devel-linux-x86_64-fedora-clang | 1.3.7 | 205.83 | WARN | |||
r-devel-linux-x86_64-fedora-gcc | 1.3.7 | 210.88 | WARN | |||
r-devel-windows-x86_64 | 1.3.7 | 70.00 | 166.00 | 236.00 | OK | |
r-patched-linux-x86_64 | 1.3.7 | 17.32 | 133.14 | 150.46 | OK | |
r-release-linux-x86_64 | 1.3.7 | 17.49 | 132.77 | 150.26 | OK | |
r-release-macos-arm64 | 1.3.7 | 55.00 | OK | |||
r-release-macos-x86_64 | 1.3.7 | 80.00 | OK | |||
r-release-windows-x86_64 | 1.3.7 | 47.00 | 174.00 | 221.00 | OK | |
r-oldrel-macos-arm64 | 1.3.7 | 49.00 | OK | |||
r-oldrel-macos-x86_64 | 1.3.7 | 74.00 | OK | |||
r-oldrel-windows-ix86+x86_64 | 1.3.7 | 53.00 | 208.00 | 261.00 | OK |
Version: 1.3.7
Check: whether package can be installed
Result: WARN
Found the following significant warnings:
brentmin.c:237:19: warning: a function declaration without a prototype is deprecated in all versions of C [-Wstrict-prototypes]
See ‘/home/hornik/tmp/R.check/r-devel-clang/Work/PKGS/ContaminatedMixt.Rcheck/00install.out’ for details.
* used C compiler: ‘Debian clang version 15.0.6’
Flavor: r-devel-linux-x86_64-debian-clang
Version: 1.3.7
Check: whether package can be installed
Result: WARN
Found the following significant warnings:
brentmin.c:237:8: warning: function declaration isn’t a prototype [-Wstrict-prototypes]
See ‘/home/hornik/tmp/R.check/r-devel-gcc/Work/PKGS/ContaminatedMixt.Rcheck/00install.out’ for details.
* used C compiler: ‘gcc-12 (Debian 12.2.0-14) 12.2.0’
Flavor: r-devel-linux-x86_64-debian-gcc
Version: 1.3.7
Check: whether package can be installed
Result: WARN
Found the following significant warnings:
brentmin.c:237:19: warning: a function declaration without a prototype is deprecated in all versions of C [-Wstrict-prototypes]
See ‘/data/gannet/ripley/R/packages/tests-clang/ContaminatedMixt.Rcheck/00install.out’ for details.
* used C compiler: ‘clang version 15.0.7’
Flavor: r-devel-linux-x86_64-fedora-clang
Version: 1.3.7
Check: whether package can be installed
Result: WARN
Found the following significant warnings:
brentmin.c:237:8: warning: function declaration isn’t a prototype [-Wstrict-prototypes]
See ‘/data/gannet/ripley/R/packages/tests-devel/ContaminatedMixt.Rcheck/00install.out’ for details.
* used C compiler: ‘gcc (GCC) 12.2.1 20221121 (Red Hat 12.2.1-4)’
Flavor: r-devel-linux-x86_64-fedora-gcc