CRAN Package Check Results for Package CopCTS

Last updated on 2024-03-03 00:15:49 CET.

Flavor Version Tinstall Tcheck Ttotal Status Flags
r-devel-linux-x86_64-debian-clang 1.0.0 9.92 92.78 102.70 NOTE
r-devel-linux-x86_64-debian-gcc 1.0.0 9.07 69.74 78.81 NOTE
r-devel-linux-x86_64-fedora-clang 1.0.0 129.57 NOTE
r-devel-linux-x86_64-fedora-gcc 1.0.0 128.55 NOTE
r-devel-windows-x86_64 1.0.0 10.00 83.00 93.00 OK
r-patched-linux-x86_64 1.0.0 11.79 91.43 103.22 OK
r-release-linux-x86_64 1.0.0 11.78 91.81 103.59 OK
r-release-macos-arm64 1.0.0 42.00 OK
r-release-macos-x86_64 1.0.0 70.00 OK
r-release-windows-x86_64 1.0.0 13.00 95.00 108.00 OK
r-oldrel-macos-arm64 1.0.0 37.00 OK
r-oldrel-windows-x86_64 1.0.0 13.00 105.00 118.00 OK

Check Details

Version: 1.0.0
Check: Rd files
Result: NOTE checkRd: (-1) condQestCopC.Rd:45: Lost braces; missing escapes or markup? 45 | obtain the conditional qth quantile of Y_{n+1} given {Y1,...,Yn}. | ^ checkRd: (-1) condQestCopC.Rd:45: Lost braces; missing escapes or markup? 45 | obtain the conditional qth quantile of Y_{n+1} given {Y1,...,Yn}. | ^ checkRd: (-1) condQestCopC.Rd:40: Lost braces; missing escapes or markup? 40 | \code{condQestCopC} returns the conditional tao-th quantile of Y_{n+1} given {Y1,...,Yn} | ^ checkRd: (-1) condQestCopC.Rd:40: Lost braces; missing escapes or markup? 40 | \code{condQestCopC} returns the conditional tao-th quantile of Y_{n+1} given {Y1,...,Yn} | ^ Flavors: r-devel-linux-x86_64-debian-clang, r-devel-linux-x86_64-debian-gcc, r-devel-linux-x86_64-fedora-clang, r-devel-linux-x86_64-fedora-gcc