CRAN Package Check Results for Package CopernicusDEM

Last updated on 2021-09-24 16:49:58 CEST.

Flavor Version Tinstall Tcheck Ttotal Status Flags
r-devel-linux-x86_64-debian-clang 1.0.1 10.73 105.48 116.21 OK
r-devel-linux-x86_64-debian-gcc 1.0.1 9.52 79.42 88.94 OK
r-devel-linux-x86_64-fedora-clang 1.0.1 146.89 NOTE
r-devel-linux-x86_64-fedora-gcc 1.0.1 135.18 OK
r-devel-windows-x86_64 1.0.1 14.00 93.00 107.00 NOTE
r-devel-windows-x86_64-gcc10-UCRT 1.0.1 OK
r-patched-linux-x86_64 1.0.1 10.31 100.58 110.89 OK
r-patched-solaris-x86 1.0.1 203.90 NOTE
r-release-linux-x86_64 1.0.1 11.18 100.70 111.88 OK
r-release-macos-arm64 1.0.1 NOTE
r-release-macos-x86_64 1.0.1 NOTE
r-release-windows-ix86+x86_64 1.0.1 29.00 122.00 151.00 NOTE
r-oldrel-macos-x86_64 1.0.1 NOTE
r-oldrel-windows-ix86+x86_64 1.0.1 21.00 88.00 109.00 NOTE

Check Details

Version: 1.0.1
Check: installed package size
Result: NOTE
     installed size is 7.5Mb
     sub-directories of 1Mb or more:
     doc 2.3Mb
     vignette_data 2.6Mb
Flavors: r-devel-linux-x86_64-fedora-clang, r-devel-windows-x86_64, r-patched-solaris-x86, r-release-macos-arm64, r-release-macos-x86_64, r-release-windows-ix86+x86_64, r-oldrel-macos-x86_64, r-oldrel-windows-ix86+x86_64